Last updated on 2024-06-30 00:59:26 CEST.
Flavor | Version | Tinstall | Tcheck | Ttotal | Status | Flags |
---|---|---|---|---|---|---|
r-devel-linux-x86_64-debian-clang | 4.4.6.3 | 87.27 | 141.56 | 228.83 | OK | |
r-devel-linux-x86_64-debian-gcc | 4.4.6.3 | 81.03 | 106.41 | 187.44 | OK | |
r-devel-linux-x86_64-fedora-clang | 4.4.6.3 | 325.72 | OK | |||
r-devel-linux-x86_64-fedora-gcc | 4.4.6.3 | 360.17 | OK | |||
r-devel-windows-x86_64 | 4.4.6.3 | 74.00 | 186.00 | 260.00 | OK | |
r-patched-linux-x86_64 | 4.4.6.3 | 103.07 | 139.00 | 242.07 | OK | |
r-release-linux-x86_64 | 4.4.6.3 | 95.62 | 138.15 | 233.77 | OK | |
r-release-macos-arm64 | 4.4.6.3 | 97.00 | NOTE | |||
r-release-macos-x86_64 | 4.4.6.3 | 132.00 | NOTE | |||
r-release-windows-x86_64 | 4.4.6.3 | 79.00 | 188.00 | 267.00 | OK | |
r-oldrel-macos-arm64 | 4.4.6.3 | 114.00 | NOTE | |||
r-oldrel-macos-x86_64 | 4.4.6.3 | 230.00 | NOTE | |||
r-oldrel-windows-x86_64 | 4.4.6.3 | 78.00 | 213.00 | 291.00 | OK |
Version: 4.4.6.3
Check: installed package size
Result: NOTE
installed size is 14.8Mb
sub-directories of 1Mb or more:
doc 1.6Mb
libs 12.6Mb
Flavors: r-release-macos-arm64, r-release-macos-x86_64, r-oldrel-macos-arm64, r-oldrel-macos-x86_64