Last updated on 2024-06-30 00:59:26 CEST.
Flavor | Version | Tinstall | Tcheck | Ttotal | Status | Flags |
---|---|---|---|---|---|---|
r-devel-linux-x86_64-debian-clang | 1.4.0 | 14.00 | 158.98 | 172.98 | NOTE | |
r-devel-linux-x86_64-debian-gcc | 1.4.0 | 9.77 | 113.42 | 123.19 | NOTE | |
r-devel-linux-x86_64-fedora-clang | 1.4.0 | 209.48 | NOTE | |||
r-devel-linux-x86_64-fedora-gcc | 1.4.0 | 206.97 | NOTE | |||
r-devel-windows-x86_64 | 1.4.0 | 12.00 | 141.00 | 153.00 | NOTE | |
r-patched-linux-x86_64 | 1.4.0 | 9.57 | 143.90 | 153.47 | NOTE | |
r-release-linux-x86_64 | 1.4.0 | 13.52 | 147.84 | 161.36 | NOTE | |
r-release-macos-arm64 | 1.4.0 | 72.00 | NOTE | |||
r-release-macos-x86_64 | 1.4.0 | 142.00 | NOTE | |||
r-release-windows-x86_64 | 1.4.0 | 13.00 | 138.00 | 151.00 | NOTE | |
r-oldrel-macos-arm64 | 1.4.0 | 58.00 | OK | |||
r-oldrel-macos-x86_64 | 1.4.0 | 125.00 | OK | |||
r-oldrel-windows-x86_64 | 1.4.0 | 16.00 | 170.00 | 186.00 | OK |
Version: 1.4.0
Check: Rd files
Result: NOTE
checkRd: (-1) sitar-package.Rd:27: Lost braces; missing escapes or markup?
27 | individual curves, adjusted for {abcd} to lie on top of (i.e. be
| ^
checkRd: (-1) sitar.Rd:110: Lost braces; missing escapes or markup?
110 | \code{\link{nlme}}) (default {nlmeControl(returnObject = TRUE)}).}
| ^
Flavors: r-devel-linux-x86_64-debian-clang, r-devel-linux-x86_64-debian-gcc, r-devel-linux-x86_64-fedora-clang, r-devel-linux-x86_64-fedora-gcc, r-devel-windows-x86_64, r-patched-linux-x86_64, r-release-linux-x86_64, r-release-macos-arm64, r-release-macos-x86_64, r-release-windows-x86_64