Last updated on 2024-06-16 11:58:07 CEST.
Flavor | Version | Tinstall | Tcheck | Ttotal | Status | Flags |
---|---|---|---|---|---|---|
r-devel-linux-x86_64-debian-clang | 0.19.0 | 7.54 | 96.49 | 104.03 | OK | |
r-devel-linux-x86_64-debian-gcc | 0.19.0 | 4.83 | 69.43 | 74.26 | OK | |
r-devel-linux-x86_64-fedora-clang | 0.19.0 | 126.05 | NOTE | |||
r-devel-linux-x86_64-fedora-gcc | 0.19.0 | 112.71 | OK | |||
r-devel-windows-x86_64 | 0.19.0 | 6.00 | 95.00 | 101.00 | OK | |
r-patched-linux-x86_64 | 0.19.0 | 8.19 | 89.25 | 97.44 | OK | |
r-release-linux-x86_64 | 0.19.0 | 4.60 | 91.16 | 95.76 | OK | |
r-release-macos-arm64 | 0.19.0 | 34.00 | OK | |||
r-release-macos-x86_64 | 0.19.0 | 51.00 | OK | |||
r-release-windows-x86_64 | 0.19.0 | 6.00 | 105.00 | 111.00 | OK | |
r-oldrel-macos-arm64 | 0.19.0 | 34.00 | OK | |||
r-oldrel-macos-x86_64 | 0.19.0 | 66.00 | OK | |||
r-oldrel-windows-x86_64 | 0.19.0 | 8.00 | 112.00 | 120.00 | OK |
Version: 0.19.0
Check: Rd cross-references
Result: NOTE
Undeclared package ‘modelr’ in Rd xrefs
Flavor: r-devel-linux-x86_64-fedora-clang