Last updated on 2024-06-30 00:59:26 CEST.
Flavor | Version | Tinstall | Tcheck | Ttotal | Status | Flags |
---|---|---|---|---|---|---|
r-devel-linux-x86_64-debian-clang | 1.0.0 | 20.44 | 318.23 | 338.67 | OK | |
r-devel-linux-x86_64-debian-gcc | 1.0.0 | 14.41 | 234.94 | 249.35 | OK | |
r-devel-linux-x86_64-fedora-clang | 1.0.0 | 428.26 | NOTE | |||
r-devel-linux-x86_64-fedora-gcc | 1.0.0 | 416.40 | NOTE | |||
r-devel-windows-x86_64 | 1.0.0 | 18.00 | 464.00 | 482.00 | OK | |
r-patched-linux-x86_64 | 1.0.0 | 11.99 | 310.82 | 322.81 | OK | |
r-release-linux-x86_64 | 1.0.0 | 15.14 | 306.67 | 321.81 | OK | |
r-release-macos-arm64 | 1.0.0 | 305.00 | OK | |||
r-release-macos-x86_64 | 1.0.0 | 386.00 | OK | |||
r-release-windows-x86_64 | 1.0.0 | 15.00 | 453.00 | 468.00 | OK | |
r-oldrel-macos-arm64 | 1.0.0 | 333.00 | OK | |||
r-oldrel-macos-x86_64 | 1.0.0 | 420.00 | OK | |||
r-oldrel-windows-x86_64 | 1.0.0 | 20.00 | 522.00 | 542.00 | OK |
Version: 1.0.0
Check: dependencies in R code
Result: NOTE
Namespaces in Imports field not imported from:
‘numDeriv’ ‘png’
All declared Imports should be used.
Flavors: r-devel-linux-x86_64-fedora-clang, r-devel-linux-x86_64-fedora-gcc