Last updated on 2024-06-30 00:59:26 CEST.
Flavor | Version | Tinstall | Tcheck | Ttotal | Status | Flags |
---|---|---|---|---|---|---|
r-devel-linux-x86_64-debian-clang | 2.0.0 | 11.11 | 174.62 | 185.73 | NOTE | |
r-devel-linux-x86_64-debian-gcc | 2.0.0 | 7.33 | 126.74 | 134.07 | NOTE | |
r-devel-linux-x86_64-fedora-clang | 2.0.0 | 238.32 | NOTE | |||
r-devel-linux-x86_64-fedora-gcc | 2.0.0 | 248.36 | NOTE | |||
r-devel-windows-x86_64 | 2.0.0 | 11.00 | 133.00 | 144.00 | NOTE | |
r-patched-linux-x86_64 | 2.0.0 | 6.59 | 171.09 | 177.68 | NOTE | |
r-release-linux-x86_64 | 2.0.0 | 6.53 | 169.30 | 175.83 | NOTE | |
r-release-macos-arm64 | 2.0.0 | 60.00 | NOTE | |||
r-release-macos-x86_64 | 2.0.0 | 96.00 | NOTE | |||
r-release-windows-x86_64 | 2.0.0 | 10.00 | 133.00 | 143.00 | NOTE | |
r-oldrel-macos-arm64 | 2.0.0 | 76.00 | NOTE | |||
r-oldrel-macos-x86_64 | 2.0.0 | 152.00 | NOTE | |||
r-oldrel-windows-x86_64 | 2.0.0 | 14.00 | 160.00 | 174.00 | NOTE |
Version: 2.0.0
Check: package dependencies
Result: NOTE
Package suggested but not available for checking: ‘gurobi’
Flavors: r-devel-linux-x86_64-debian-clang, r-devel-linux-x86_64-debian-gcc, r-devel-linux-x86_64-fedora-clang, r-devel-linux-x86_64-fedora-gcc, r-devel-windows-x86_64, r-patched-linux-x86_64, r-release-linux-x86_64, r-release-macos-arm64, r-release-macos-x86_64, r-release-windows-x86_64, r-oldrel-macos-arm64, r-oldrel-macos-x86_64, r-oldrel-windows-x86_64