Last updated on 2024-06-30 00:59:26 CEST.
Flavor | Version | Tinstall | Tcheck | Ttotal | Status | Flags |
---|---|---|---|---|---|---|
r-devel-linux-x86_64-debian-clang | 1.0-3 | 2.28 | 25.35 | 27.63 | NOTE | |
r-devel-linux-x86_64-debian-gcc | 1.0-3 | 2.15 | 19.68 | 21.83 | NOTE | |
r-devel-linux-x86_64-fedora-clang | 1.0-3 | 35.44 | NOTE | |||
r-devel-linux-x86_64-fedora-gcc | 1.0-3 | 33.90 | NOTE | |||
r-devel-windows-x86_64 | 1.0-3 | 3.00 | 48.00 | 51.00 | NOTE | |
r-patched-linux-x86_64 | 1.0-3 | 2.87 | 25.11 | 27.98 | NOTE | |
r-release-linux-x86_64 | 1.0-3 | 2.17 | 24.85 | 27.02 | NOTE | |
r-release-macos-arm64 | 1.0-3 | 16.00 | NOTE | |||
r-release-macos-x86_64 | 1.0-3 | 24.00 | NOTE | |||
r-release-windows-x86_64 | 1.0-3 | 3.00 | 48.00 | 51.00 | NOTE | |
r-oldrel-macos-arm64 | 1.0-3 | 18.00 | NOTE | |||
r-oldrel-macos-x86_64 | 1.0-3 | 21.00 | NOTE | |||
r-oldrel-windows-x86_64 | 1.0-3 | 4.00 | 48.00 | 52.00 | NOTE |
Version: 1.0-3
Check: Rd files
Result: NOTE
checkRd: (-1) hoods2dsmooth.Rd:69: Escaped LaTeX specials: \&
checkRd: (-1) kernel2dmeitsjer.Rd:75: Escaped LaTeX specials: \&
checkRd: (-1) kernel2dsmooth.Rd:42: Escaped LaTeX specials: \&
checkRd: (-1) smoothie-package.Rd:42: Escaped LaTeX specials: \&
Flavors: r-devel-linux-x86_64-debian-clang, r-devel-linux-x86_64-debian-gcc, r-devel-linux-x86_64-fedora-clang, r-devel-linux-x86_64-fedora-gcc, r-devel-windows-x86_64, r-patched-linux-x86_64, r-release-linux-x86_64, r-release-macos-arm64, r-release-macos-x86_64, r-release-windows-x86_64, r-oldrel-macos-arm64, r-oldrel-macos-x86_64, r-oldrel-windows-x86_64