Last updated on 2024-06-30 00:59:26 CEST.
Flavor | Version | Tinstall | Tcheck | Ttotal | Status | Flags |
---|---|---|---|---|---|---|
r-devel-linux-x86_64-debian-clang | 2.1.1 | 22.03 | 169.78 | 191.81 | NOTE | |
r-devel-linux-x86_64-debian-gcc | 2.1.1 | 17.77 | 119.27 | 137.04 | NOTE | |
r-devel-linux-x86_64-fedora-clang | 2.1.1 | 234.06 | NOTE | |||
r-devel-linux-x86_64-fedora-gcc | 2.1.1 | 231.84 | NOTE | |||
r-devel-windows-x86_64 | 2.1.1 | 18.00 | 139.00 | 157.00 | NOTE | |
r-patched-linux-x86_64 | 2.1.1 | 21.84 | 164.34 | 186.18 | NOTE | |
r-release-linux-x86_64 | 2.1.1 | 22.09 | 168.59 | 190.68 | NOTE | |
r-release-macos-arm64 | 2.1.1 | 63.00 | NOTE | |||
r-release-macos-x86_64 | 2.1.1 | 125.00 | NOTE | |||
r-release-windows-x86_64 | 2.1.1 | 18.00 | 143.00 | 161.00 | NOTE | |
r-oldrel-macos-arm64 | 2.1.1 | 59.00 | OK | |||
r-oldrel-macos-x86_64 | 2.1.1 | 108.00 | OK | |||
r-oldrel-windows-x86_64 | 2.1.1 | 24.00 | 174.00 | 198.00 | OK |
Version: 2.1.1
Check: Rd files
Result: NOTE
checkRd: (-1) plot.selm.Rd:101: Lost braces
101 | data. Default value for code{which} is \code{2:4} if \code{p>1}, otherwise
| ^
Flavors: r-devel-linux-x86_64-debian-clang, r-devel-linux-x86_64-debian-gcc, r-devel-linux-x86_64-fedora-clang, r-devel-linux-x86_64-fedora-gcc, r-devel-windows-x86_64, r-patched-linux-x86_64, r-release-linux-x86_64, r-release-macos-arm64, r-release-macos-x86_64, r-release-windows-x86_64