Last updated on 2024-06-30 00:59:26 CEST.
Flavor | Version | Tinstall | Tcheck | Ttotal | Status | Flags |
---|---|---|---|---|---|---|
r-devel-linux-x86_64-debian-clang | 0.1.2 | 2.05 | 22.53 | 24.58 | NOTE | |
r-devel-linux-x86_64-debian-gcc | 0.1.2 | 1.60 | 17.25 | 18.85 | NOTE | |
r-devel-linux-x86_64-fedora-clang | 0.1.2 | 30.44 | NOTE | |||
r-devel-linux-x86_64-fedora-gcc | 0.1.2 | 29.07 | NOTE | |||
r-devel-windows-x86_64 | 0.1.2 | 3.00 | 36.00 | 39.00 | NOTE | |
r-patched-linux-x86_64 | 0.1.2 | 2.16 | 21.23 | 23.39 | NOTE | |
r-release-linux-x86_64 | 0.1.2 | 1.71 | 21.59 | 23.30 | NOTE | |
r-release-macos-arm64 | 0.1.2 | 14.00 | NOTE | |||
r-release-macos-x86_64 | 0.1.2 | 20.00 | NOTE | |||
r-release-windows-x86_64 | 0.1.2 | 3.00 | 36.00 | 39.00 | NOTE | |
r-oldrel-macos-arm64 | 0.1.2 | 15.00 | NOTE | |||
r-oldrel-macos-x86_64 | 0.1.2 | 19.00 | NOTE | |||
r-oldrel-windows-x86_64 | 0.1.2 | 3.00 | 36.00 | 39.00 | NOTE |
Version: 0.1.2
Check: DESCRIPTION meta-information
Result: NOTE
Malformed Description field: should contain one or more complete sentences.
Flavors: r-devel-linux-x86_64-debian-clang, r-devel-linux-x86_64-debian-gcc, r-devel-linux-x86_64-fedora-clang, r-devel-linux-x86_64-fedora-gcc, r-devel-windows-x86_64, r-patched-linux-x86_64, r-release-linux-x86_64, r-release-macos-arm64, r-release-macos-x86_64, r-release-windows-x86_64, r-oldrel-macos-arm64, r-oldrel-macos-x86_64, r-oldrel-windows-x86_64