Last updated on 2024-06-30 00:59:26 CEST.
Flavor | Version | Tinstall | Tcheck | Ttotal | Status | Flags |
---|---|---|---|---|---|---|
r-devel-linux-x86_64-debian-clang | 1.84-6.3 | 3.74 | 37.28 | 41.02 | OK | |
r-devel-linux-x86_64-debian-gcc | 1.84-6.3 | 3.04 | 27.51 | 30.55 | OK | |
r-devel-linux-x86_64-fedora-clang | 1.84-6.3 | 50.59 | OK | |||
r-devel-linux-x86_64-fedora-gcc | 1.84-6.3 | 59.54 | OK | |||
r-devel-windows-x86_64 | 1.84-6.3 | 5.00 | 63.00 | 68.00 | OK | |
r-patched-linux-x86_64 | 1.84-6.3 | 2.92 | 35.09 | 38.01 | OK | |
r-release-linux-x86_64 | 1.84-6.3 | 3.52 | 35.20 | 38.72 | OK | |
r-release-macos-arm64 | 1.84-6.3 | 24.00 | NOTE | |||
r-release-macos-x86_64 | 1.84-6.3 | 39.00 | NOTE | |||
r-release-windows-x86_64 | 1.84-6.3 | 5.00 | 62.00 | 67.00 | OK | |
r-oldrel-macos-arm64 | 1.84-6.3 | 51.00 | NOTE | |||
r-oldrel-macos-x86_64 | 1.84-6.3 | 100.00 | NOTE | |||
r-oldrel-windows-x86_64 | 1.84-6.3 | 4.00 | 60.00 | 64.00 | OK |
Version: 1.84-6.3
Check: package dependencies
Result: NOTE
Package suggested but not available for checking: ‘Rmpi’
Flavors: r-release-macos-arm64, r-release-macos-x86_64, r-oldrel-macos-arm64, r-oldrel-macos-x86_64