Last updated on 2024-06-30 00:59:27 CEST.
Flavor | Version | Tinstall | Tcheck | Ttotal | Status | Flags |
---|---|---|---|---|---|---|
r-devel-linux-x86_64-debian-clang | 0.1.0 | 85.13 | 63.63 | 148.76 | NOTE | |
r-devel-linux-x86_64-debian-gcc | 0.1.0 | 52.04 | 45.67 | 97.71 | NOTE | |
r-devel-linux-x86_64-fedora-clang | 0.1.0 | 206.48 | NOTE | |||
r-devel-linux-x86_64-fedora-gcc | 0.1.0 | 196.61 | NOTE | |||
r-devel-windows-x86_64 | 0.1.0 | 65.00 | 85.00 | 150.00 | NOTE | |
r-patched-linux-x86_64 | 0.1.0 | 60.96 | 59.60 | 120.56 | NOTE | |
r-release-linux-x86_64 | 0.1.0 | 66.28 | 58.90 | 125.18 | NOTE | |
r-release-macos-arm64 | 0.1.0 | 40.00 | NOTE | |||
r-release-macos-x86_64 | 0.1.0 | 55.00 | NOTE | |||
r-release-windows-x86_64 | 0.1.0 | 64.00 | 85.00 | 149.00 | NOTE | |
r-oldrel-macos-arm64 | 0.1.0 | 44.00 | NOTE | |||
r-oldrel-macos-x86_64 | 0.1.0 | 82.00 | NOTE | |||
r-oldrel-windows-x86_64 | 0.1.0 | 77.00 | 101.00 | 178.00 | NOTE |
Version: 0.1.0
Check: C++ specification
Result: NOTE
Specified C++11: please drop specification unless essential
Flavors: r-devel-linux-x86_64-debian-clang, r-devel-linux-x86_64-debian-gcc, r-devel-linux-x86_64-fedora-clang, r-devel-linux-x86_64-fedora-gcc, r-devel-windows-x86_64, r-patched-linux-x86_64, r-release-linux-x86_64, r-release-macos-arm64, r-release-macos-x86_64, r-release-windows-x86_64, r-oldrel-macos-arm64, r-oldrel-macos-x86_64, r-oldrel-windows-x86_64