Last updated on 2024-06-30 00:59:27 CEST.
Flavor | Version | Tinstall | Tcheck | Ttotal | Status | Flags |
---|---|---|---|---|---|---|
r-devel-linux-x86_64-debian-clang | 0.8.4 | 117.80 | 38.40 | 156.20 | NOTE | |
r-devel-linux-x86_64-debian-gcc | 0.8.4 | 74.20 | 28.91 | 103.11 | NOTE | |
r-devel-linux-x86_64-fedora-clang | 0.8.4 | 216.98 | NOTE | |||
r-devel-linux-x86_64-fedora-gcc | 0.8.4 | 228.55 | NOTE | |||
r-devel-windows-x86_64 | 0.8.4 | 84.00 | 72.00 | 156.00 | NOTE | |
r-patched-linux-x86_64 | 0.8.4 | 88.30 | 36.41 | 124.71 | NOTE | |
r-release-linux-x86_64 | 0.8.4 | 89.51 | 36.36 | 125.87 | NOTE | |
r-release-macos-arm64 | 0.8.4 | 47.00 | NOTE | |||
r-release-macos-x86_64 | 0.8.4 | 59.00 | NOTE | |||
r-release-windows-x86_64 | 0.8.4 | 83.00 | 71.00 | 154.00 | NOTE | |
r-oldrel-macos-arm64 | 0.8.4 | 55.00 | NOTE | |||
r-oldrel-macos-x86_64 | 0.8.4 | 91.00 | NOTE | |||
r-oldrel-windows-x86_64 | 0.8.4 | 100.00 | 78.00 | 178.00 | NOTE |
Version: 0.8.4
Check: C++ specification
Result: NOTE
Specified C++11: please drop specification unless essential
Flavors: r-devel-linux-x86_64-debian-clang, r-devel-linux-x86_64-debian-gcc, r-devel-linux-x86_64-fedora-clang, r-devel-linux-x86_64-fedora-gcc, r-devel-windows-x86_64, r-patched-linux-x86_64, r-release-linux-x86_64, r-release-macos-arm64, r-release-macos-x86_64, r-release-windows-x86_64, r-oldrel-macos-arm64, r-oldrel-macos-x86_64, r-oldrel-windows-x86_64