Last updated on 2024-06-30 00:59:27 CEST.
Flavor | Version | Tinstall | Tcheck | Ttotal | Status | Flags |
---|---|---|---|---|---|---|
r-devel-linux-x86_64-debian-clang | 0.2.5 | 246.65 | 39.58 | 286.23 | NOTE | |
r-devel-linux-x86_64-debian-gcc | 0.2.5 | 189.43 | 31.11 | 220.54 | NOTE | |
r-devel-linux-x86_64-fedora-clang | 0.2.5 | 418.99 | NOTE | |||
r-devel-linux-x86_64-fedora-gcc | 0.2.5 | 472.67 | NOTE | |||
r-devel-windows-x86_64 | 0.2.5 | 192.00 | 85.00 | 277.00 | NOTE | |
r-patched-linux-x86_64 | 0.2.5 | 224.73 | 38.75 | 263.48 | NOTE | |
r-release-linux-x86_64 | 0.2.5 | 225.23 | 39.50 | 264.73 | NOTE | |
r-release-macos-arm64 | 0.2.5 | 86.00 | NOTE | |||
r-release-macos-x86_64 | 0.2.5 | 77.00 | NOTE | |||
r-release-windows-x86_64 | 0.2.5 | 190.00 | 84.00 | 274.00 | NOTE | |
r-oldrel-macos-arm64 | 0.2.5 | 89.00 | NOTE | |||
r-oldrel-macos-x86_64 | 0.2.5 | 107.00 | NOTE | |||
r-oldrel-windows-x86_64 | 0.2.5 | 229.00 | 99.00 | 328.00 | NOTE |
Version: 0.2.5
Check: C++ specification
Result: NOTE
Specified C++14: please drop specification unless essential
Flavors: r-devel-linux-x86_64-debian-clang, r-devel-linux-x86_64-debian-gcc, r-devel-linux-x86_64-fedora-clang, r-devel-linux-x86_64-fedora-gcc, r-devel-windows-x86_64, r-patched-linux-x86_64, r-release-linux-x86_64, r-release-macos-arm64, r-release-macos-x86_64, r-release-windows-x86_64, r-oldrel-macos-arm64, r-oldrel-macos-x86_64, r-oldrel-windows-x86_64
Version: 0.2.5
Check: compiled code
Result: NOTE
File ‘spatialwidget/libs/spatialwidget.so’:
Found non-API calls to R: ‘SET_TYPEOF’, ‘STRING_PTR’
Compiled code should not call non-API entry points in R.
See ‘Writing portable packages’ in the ‘Writing R Extensions’ manual.
See section ‘Moving into C API compliance’ in the ‘Writing R
Extensions’ manual for issues with use of non-API entry points.
Flavors: r-devel-linux-x86_64-debian-clang, r-devel-linux-x86_64-debian-gcc, r-devel-linux-x86_64-fedora-clang, r-devel-linux-x86_64-fedora-gcc
Version: 0.2.5
Check: compiled code
Result: NOTE
File 'spatialwidget/libs/x64/spatialwidget.dll':
Found non-API calls to R: 'SET_TYPEOF', 'STRING_PTR'
Compiled code should not call non-API entry points in R.
See 'Writing portable packages' in the 'Writing R Extensions' manual.
See section 'Moving into C API compliance' in the 'Writing R
Extensions' manual for issues with use of non-API entry points.
Flavor: r-devel-windows-x86_64
Version: 0.2.5
Check: installed package size
Result: NOTE
installed size is 13.0Mb
sub-directories of 1Mb or more:
doc 1.2Mb
libs 11.5Mb
Flavors: r-release-macos-arm64, r-release-macos-x86_64, r-oldrel-macos-arm64, r-oldrel-macos-x86_64