Last updated on 2024-06-30 00:59:27 CEST.
Flavor | Version | Tinstall | Tcheck | Ttotal | Status | Flags |
---|---|---|---|---|---|---|
r-devel-linux-x86_64-debian-clang | 0.2.3 | 73.90 | 104.79 | 178.69 | OK | |
r-devel-linux-x86_64-debian-gcc | 0.2.3 | 42.84 | 75.81 | 118.65 | OK | |
r-devel-linux-x86_64-fedora-clang | 0.2.3 | 243.42 | OK | |||
r-devel-linux-x86_64-fedora-gcc | 0.2.3 | 252.81 | OK | |||
r-devel-windows-x86_64 | 0.2.3 | 54.00 | 118.00 | 172.00 | OK | |
r-patched-linux-x86_64 | 0.2.3 | 61.14 | 98.69 | 159.83 | OK | |
r-release-linux-x86_64 | 0.2.3 | 55.73 | 96.44 | 152.17 | OK | |
r-release-macos-arm64 | 0.2.3 | 59.00 | NOTE | |||
r-release-macos-x86_64 | 0.2.3 | 95.00 | NOTE | |||
r-release-windows-x86_64 | 0.2.3 | 57.00 | 117.00 | 174.00 | OK | |
r-oldrel-macos-arm64 | 0.2.3 | 62.00 | NOTE | |||
r-oldrel-macos-x86_64 | 0.2.3 | 107.00 | NOTE | |||
r-oldrel-windows-x86_64 | 0.2.3 | 66.00 | 122.00 | 188.00 | OK |
Version: 0.2.3
Check: installed package size
Result: NOTE
installed size is 7.0Mb
sub-directories of 1Mb or more:
doc 3.1Mb
libs 3.5Mb
Flavors: r-release-macos-arm64, r-release-macos-x86_64, r-oldrel-macos-arm64, r-oldrel-macos-x86_64