Last updated on 2024-06-30 00:59:27 CEST.
Flavor | Version | Tinstall | Tcheck | Ttotal | Status | Flags |
---|---|---|---|---|---|---|
r-devel-linux-x86_64-debian-clang | 1.0.2 | 53.22 | 45.63 | 98.85 | NOTE | |
r-devel-linux-x86_64-debian-gcc | 1.0.2 | 41.09 | 34.39 | 75.48 | NOTE | |
r-devel-linux-x86_64-fedora-clang | 1.0.2 | 140.78 | NOTE | |||
r-devel-linux-x86_64-fedora-gcc | 1.0.2 | 159.85 | NOTE | |||
r-devel-windows-x86_64 | 1.0.2 | 45.00 | 79.00 | 124.00 | NOTE | |
r-patched-linux-x86_64 | 1.0.2 | 49.62 | 44.86 | 94.48 | NOTE | |
r-release-linux-x86_64 | 1.0.2 | 37.33 | 42.72 | 80.05 | NOTE | |
r-release-macos-arm64 | 1.0.2 | 48.00 | NOTE | |||
r-release-macos-x86_64 | 1.0.2 | 62.00 | NOTE | |||
r-release-windows-x86_64 | 1.0.2 | 47.00 | 78.00 | 125.00 | NOTE | |
r-oldrel-macos-arm64 | 1.0.2 | 52.00 | NOTE | |||
r-oldrel-macos-x86_64 | 1.0.2 | 95.00 | NOTE | |||
r-oldrel-windows-x86_64 | 1.0.2 | 55.00 | 88.00 | 143.00 | NOTE |
Version: 1.0.2
Check: C++ specification
Result: NOTE
Specified C++11: please drop specification unless essential
Flavors: r-devel-linux-x86_64-debian-clang, r-devel-linux-x86_64-debian-gcc, r-devel-linux-x86_64-fedora-clang, r-devel-linux-x86_64-fedora-gcc, r-devel-windows-x86_64, r-patched-linux-x86_64, r-release-linux-x86_64, r-release-macos-arm64, r-release-macos-x86_64, r-release-windows-x86_64, r-oldrel-macos-arm64, r-oldrel-macos-x86_64, r-oldrel-windows-x86_64
Version: 1.0.2
Check: installed package size
Result: NOTE
installed size is 6.9Mb
sub-directories of 1Mb or more:
libs 6.6Mb
Flavors: r-release-macos-arm64, r-release-macos-x86_64, r-oldrel-macos-arm64, r-oldrel-macos-x86_64