Last updated on 2024-06-30 00:59:27 CEST.
Flavor | Version | Tinstall | Tcheck | Ttotal | Status | Flags |
---|---|---|---|---|---|---|
r-devel-linux-x86_64-debian-clang | 1.2.1 | 35.61 | 27.96 | 63.57 | NOTE | |
r-devel-linux-x86_64-debian-gcc | 1.2.1 | 22.02 | 22.11 | 44.13 | NOTE | |
r-devel-linux-x86_64-fedora-clang | 1.2.1 | 85.06 | NOTE | |||
r-devel-linux-x86_64-fedora-gcc | 1.2.1 | 81.46 | NOTE | |||
r-devel-windows-x86_64 | 1.2.1 | 26.00 | 66.00 | 92.00 | NOTE | |
r-patched-linux-x86_64 | 1.2.1 | 24.68 | 27.78 | 52.46 | NOTE | |
r-release-linux-x86_64 | 1.2.1 | 24.16 | 27.72 | 51.88 | NOTE | |
r-release-macos-arm64 | 1.2.1 | 24.00 | NOTE | |||
r-release-macos-x86_64 | 1.2.1 | 36.00 | NOTE | |||
r-release-windows-x86_64 | 1.2.1 | 26.00 | 63.00 | 89.00 | NOTE | |
r-oldrel-macos-arm64 | 1.2.1 | 25.00 | NOTE | |||
r-oldrel-macos-x86_64 | 1.2.1 | 41.00 | NOTE | |||
r-oldrel-windows-x86_64 | 1.2.1 | 32.00 | 71.00 | 103.00 | NOTE |
Version: 1.2.1
Check: C++ specification
Result: NOTE
Specified C++11: please drop specification unless essential
Flavors: r-devel-linux-x86_64-debian-clang, r-devel-linux-x86_64-debian-gcc, r-devel-linux-x86_64-fedora-clang, r-devel-linux-x86_64-fedora-gcc, r-devel-windows-x86_64, r-patched-linux-x86_64, r-release-linux-x86_64, r-release-macos-arm64, r-release-macos-x86_64, r-release-windows-x86_64, r-oldrel-macos-arm64, r-oldrel-macos-x86_64, r-oldrel-windows-x86_64
Version: 1.2.1
Check: Rd files
Result: NOTE
checkRd: (-1) spnn-package.Rd:15: Lost braces in \itemize; meant \describe ?
checkRd: (-1) spnn-package.Rd:16: Lost braces in \itemize; meant \describe ?
checkRd: (-1) spnn-package.Rd:17: Lost braces in \itemize; meant \describe ?
checkRd: (-1) spnn-package.Rd:18: Lost braces in \itemize; meant \describe ?
Flavors: r-devel-linux-x86_64-debian-clang, r-devel-linux-x86_64-debian-gcc, r-devel-linux-x86_64-fedora-clang, r-devel-linux-x86_64-fedora-gcc, r-devel-windows-x86_64, r-patched-linux-x86_64, r-release-linux-x86_64, r-release-macos-arm64, r-release-macos-x86_64, r-release-windows-x86_64