Last updated on 2024-06-16 11:58:08 CEST.
Flavor | Version | Tinstall | Tcheck | Ttotal | Status | Flags |
---|---|---|---|---|---|---|
r-devel-linux-x86_64-debian-clang | 0.2.1 | 30.14 | 109.58 | 139.72 | OK | |
r-devel-linux-x86_64-debian-gcc | 0.2.1 | 22.21 | 81.11 | 103.32 | OK | |
r-devel-linux-x86_64-fedora-clang | 0.2.1 | 188.67 | NOTE | |||
r-devel-linux-x86_64-fedora-gcc | 0.2.1 | 195.49 | NOTE | |||
r-devel-windows-x86_64 | 0.2.1 | 28.00 | 116.00 | 144.00 | OK | |
r-patched-linux-x86_64 | 0.2.1 | 28.35 | 104.92 | 133.27 | OK | |
r-release-linux-x86_64 | 0.2.1 | 32.32 | 107.31 | 139.63 | OK | |
r-release-macos-arm64 | 0.2.1 | 54.00 | OK | |||
r-release-macos-x86_64 | 0.2.1 | 87.00 | OK | |||
r-release-windows-x86_64 | 0.2.1 | 27.00 | 115.00 | 142.00 | OK | |
r-oldrel-macos-arm64 | 0.2.1 | 59.00 | OK | |||
r-oldrel-macos-x86_64 | 0.2.1 | 117.00 | OK | |||
r-oldrel-windows-x86_64 | 0.2.1 | 37.00 | 138.00 | 175.00 | OK |
Version: 0.2.1
Check: data for non-ASCII characters
Result: NOTE
Note: found 7504 marked UTF-8 strings
Flavors: r-devel-linux-x86_64-fedora-clang, r-devel-linux-x86_64-fedora-gcc