Last updated on 2024-06-29 11:49:25 CEST.
Flavor | Version | Tinstall | Tcheck | Ttotal | Status | Flags |
---|---|---|---|---|---|---|
r-devel-linux-x86_64-debian-clang | 0.3.0 | 134.94 | 210.95 | 345.89 | OK | |
r-devel-linux-x86_64-debian-gcc | 0.3.0 | 86.15 | 160.59 | 246.74 | OK | |
r-devel-linux-x86_64-fedora-clang | 0.3.0 | 497.60 | OK | |||
r-devel-linux-x86_64-fedora-gcc | 0.3.0 | 471.56 | OK | |||
r-devel-windows-x86_64 | 0.3.0 | 102.00 | 206.00 | 308.00 | OK | |
r-patched-linux-x86_64 | 0.3.0 | 93.77 | 212.48 | 306.25 | OK | |
r-release-linux-x86_64 | 0.3.0 | 83.64 | 213.68 | 297.32 | OK | |
r-release-macos-arm64 | 0.3.0 | 100.00 | NOTE | |||
r-release-macos-x86_64 | 0.3.0 | 138.00 | NOTE | |||
r-release-windows-x86_64 | 0.3.0 | 104.00 | 208.00 | 312.00 | OK | |
r-oldrel-macos-arm64 | 0.3.0 | 104.00 | NOTE | |||
r-oldrel-macos-x86_64 | 0.3.0 | 200.00 | NOTE | |||
r-oldrel-windows-x86_64 | 0.3.0 | 120.00 | 258.00 | 378.00 | OK |
Version: 0.3.0
Check: installed package size
Result: NOTE
installed size is 13.4Mb
sub-directories of 1Mb or more:
data 1.1Mb
help 1.1Mb
libs 10.9Mb
Flavors: r-release-macos-arm64, r-release-macos-x86_64, r-oldrel-macos-arm64, r-oldrel-macos-x86_64