Last updated on 2024-06-30 00:59:27 CEST.
Flavor | Version | Tinstall | Tcheck | Ttotal | Status | Flags |
---|---|---|---|---|---|---|
r-devel-linux-x86_64-debian-clang | 1.0.1 | 7.18 | 480.61 | 487.79 | OK | |
r-devel-linux-x86_64-debian-gcc | 1.0.1 | 6.65 | 230.75 | 237.40 | OK | |
r-devel-linux-x86_64-fedora-clang | 1.0.1 | 873.18 | NOTE | |||
r-devel-linux-x86_64-fedora-gcc | 1.0.1 | 859.57 | NOTE | |||
r-devel-windows-x86_64 | 1.0.1 | 10.00 | 244.00 | 254.00 | OK | |
r-patched-linux-x86_64 | 1.0.1 | 8.17 | 350.16 | 358.33 | OK | |
r-release-linux-x86_64 | 1.0.1 | 8.32 | 407.51 | 415.83 | OK | |
r-release-macos-arm64 | 1.0.1 | 189.00 | OK | |||
r-release-macos-x86_64 | 1.0.1 | 318.00 | OK | |||
r-release-windows-x86_64 | 1.0.1 | 10.00 | 344.00 | 354.00 | OK | |
r-oldrel-macos-arm64 | 1.0.1 | 164.00 | OK | |||
r-oldrel-macos-x86_64 | 1.0.1 | 287.00 | OK | |||
r-oldrel-windows-x86_64 | 1.0.1 | 11.00 | 296.00 | 307.00 | OK |
Version: 1.0.1
Check: data for non-ASCII characters
Result: NOTE
Note: found 1 marked UTF-8 string
Flavors: r-devel-linux-x86_64-fedora-clang, r-devel-linux-x86_64-fedora-gcc