Last updated on 2024-06-16 11:58:08 CEST.
Flavor | Version | Tinstall | Tcheck | Ttotal | Status | Flags |
---|---|---|---|---|---|---|
r-devel-linux-x86_64-debian-clang | 0.2.2 | 12.56 | 112.99 | 125.55 | NOTE | |
r-devel-linux-x86_64-debian-gcc | 0.2.2 | 8.80 | 83.85 | 92.65 | NOTE | |
r-devel-linux-x86_64-fedora-clang | 0.2.2 | 156.06 | NOTE | |||
r-devel-linux-x86_64-fedora-gcc | 0.2.2 | 158.32 | NOTE | |||
r-devel-windows-x86_64 | 0.2.2 | 10.00 | 98.00 | 108.00 | NOTE | |
r-patched-linux-x86_64 | 0.2.2 | 9.73 | 107.55 | 117.28 | NOTE | |
r-release-linux-x86_64 | 0.2.2 | 7.16 | 108.20 | 115.36 | NOTE | |
r-release-macos-arm64 | 0.2.2 | 52.00 | NOTE | |||
r-release-macos-x86_64 | 0.2.2 | 89.00 | NOTE | |||
r-release-windows-x86_64 | 0.2.2 | 10.00 | 98.00 | 108.00 | NOTE | |
r-oldrel-macos-arm64 | 0.2.2 | 56.00 | OK | |||
r-oldrel-macos-x86_64 | 0.2.2 | 88.00 | OK | |||
r-oldrel-windows-x86_64 | 0.2.2 | 13.00 | 120.00 | 133.00 | OK |
Version: 0.2.2
Check: Rd files
Result: NOTE
checkRd: (-1) standardize.Rd:94: Lost braces; missing escapes or markup?
94 | take on values {-0.5, 0, 0.5} rather than {-1, 0, 1}, the standard deviation
| ^
checkRd: (-1) standardize.Rd:94: Lost braces; missing escapes or markup?
94 | take on values {-0.5, 0, 0.5} rather than {-1, 0, 1}, the standard deviation
| ^
Flavors: r-devel-linux-x86_64-debian-clang, r-devel-linux-x86_64-debian-gcc, r-devel-linux-x86_64-fedora-clang, r-devel-linux-x86_64-fedora-gcc, r-devel-windows-x86_64, r-patched-linux-x86_64, r-release-linux-x86_64, r-release-macos-arm64, r-release-macos-x86_64, r-release-windows-x86_64