Last updated on 2024-06-30 00:59:27 CEST.
Flavor | Version | Tinstall | Tcheck | Ttotal | Status | Flags |
---|---|---|---|---|---|---|
r-devel-linux-x86_64-debian-clang | 1.0.9 | 114.93 | 207.83 | 322.76 | NOTE | |
r-devel-linux-x86_64-debian-gcc | 1.0.9 | 85.66 | 177.74 | 263.40 | NOTE | |
r-devel-linux-x86_64-fedora-clang | 1.0.9 | 450.11 | NOTE | |||
r-devel-linux-x86_64-fedora-gcc | 1.0.9 | 486.14 | NOTE | |||
r-devel-windows-x86_64 | 1.0.9 | 90.00 | 200.00 | 290.00 | NOTE | |
r-patched-linux-x86_64 | 1.0.9 | 98.26 | 242.44 | 340.70 | NOTE | |
r-release-linux-x86_64 | 1.0.9 | 100.28 | 234.97 | 335.25 | NOTE | |
r-release-macos-arm64 | 1.0.9 | 114.00 | NOTE | |||
r-release-macos-x86_64 | 1.0.9 | 177.00 | NOTE | |||
r-release-windows-x86_64 | 1.0.9 | 90.00 | 219.00 | 309.00 | NOTE | |
r-oldrel-macos-arm64 | 1.0.9 | 139.00 | NOTE | |||
r-oldrel-macos-x86_64 | 1.0.9 | 247.00 | NOTE | |||
r-oldrel-windows-x86_64 | 1.0.9 | 111.00 | 252.00 | 363.00 | NOTE |
Version: 1.0.9
Check: C++ specification
Result: NOTE
Specified C++11: please drop specification unless essential
Flavors: r-devel-linux-x86_64-debian-clang, r-devel-linux-x86_64-debian-gcc, r-devel-linux-x86_64-fedora-clang, r-devel-linux-x86_64-fedora-gcc, r-devel-windows-x86_64, r-patched-linux-x86_64, r-release-linux-x86_64, r-release-macos-arm64, r-release-macos-x86_64, r-release-windows-x86_64, r-oldrel-macos-arm64, r-oldrel-macos-x86_64, r-oldrel-windows-x86_64
Version: 1.0.9
Check: installed package size
Result: NOTE
installed size is 5.1Mb
sub-directories of 1Mb or more:
data 2.8Mb
libs 1.3Mb
Flavors: r-devel-windows-x86_64, r-release-macos-arm64, r-release-macos-x86_64, r-release-windows-x86_64, r-oldrel-macos-arm64, r-oldrel-macos-x86_64, r-oldrel-windows-x86_64
Version: 1.0.9
Check: package dependencies
Result: NOTE
Package suggested but not available for checking: ‘snpStats’
Flavor: r-oldrel-macos-arm64
Version: 1.0.9
Check: Rd cross-references
Result: NOTE
Package unavailable to check Rd xrefs: ‘snpStats’
Flavor: r-oldrel-macos-arm64