Last updated on 2024-08-16 09:49:18 CEST.
Flavor | Version | Tinstall | Tcheck | Ttotal | Status | Flags |
---|---|---|---|---|---|---|
r-devel-linux-x86_64-debian-clang | 1.2-1 | 8.92 | 319.61 | 328.53 | NOTE | |
r-devel-linux-x86_64-debian-gcc | 1.2-1 | 6.31 | 214.58 | 220.89 | NOTE | |
r-devel-linux-x86_64-fedora-clang | 1.2-1 | 558.99 | OK | |||
r-devel-linux-x86_64-fedora-gcc | 1.2-1 | 525.32 | OK | |||
r-devel-windows-x86_64 | 1.2-1 | 10.00 | 303.00 | 313.00 | NOTE | |
r-patched-linux-x86_64 | 1.2-1 | 12.79 | 307.81 | 320.60 | OK | |
r-release-linux-x86_64 | 1.2-1 | 8.39 | 309.13 | 317.52 | OK | |
r-release-macos-arm64 | 1.2-1 | 149.00 | OK | |||
r-release-macos-x86_64 | 1.2-1 | 294.00 | OK | |||
r-release-windows-x86_64 | 1.2-1 | 12.00 | 300.00 | 312.00 | OK | |
r-oldrel-macos-arm64 | 1.2-1 | 203.00 | OK | |||
r-oldrel-macos-x86_64 | 1.2-1 | 537.00 | OK | |||
r-oldrel-windows-x86_64 | 1.2-1 | 14.00 | 431.00 | 445.00 | OK |
Version: 1.2-1
Check: Rd cross-references
Result: NOTE
Found the following Rd file(s) with Rd \link{} targets missing package
anchors:
vector_cross_product.Rd: cross
Please provide package anchors for all Rd \link{} targets not in the
package itself and the base packages.
Flavors: r-devel-linux-x86_64-debian-clang, r-devel-linux-x86_64-debian-gcc, r-devel-windows-x86_64