Last updated on 2024-06-30 00:59:27 CEST.
Flavor | Version | Tinstall | Tcheck | Ttotal | Status | Flags |
---|---|---|---|---|---|---|
r-devel-linux-x86_64-debian-clang | 1.7.12 | 266.96 | 486.25 | 753.21 | OK | |
r-devel-linux-x86_64-debian-gcc | 1.7.12 | 175.44 | 335.16 | 510.60 | OK | |
r-devel-linux-x86_64-fedora-clang | 1.7.12 | 1000.62 | OK | |||
r-devel-linux-x86_64-fedora-gcc | 1.7.12 | 982.36 | OK | |||
r-devel-windows-x86_64 | 1.7.12 | 188.00 | 341.00 | 529.00 | OK | |
r-patched-linux-x86_64 | 1.7.12 | 213.55 | 444.75 | 658.30 | OK | |
r-release-linux-x86_64 | 1.7.12 | 206.24 | 442.88 | 649.12 | OK | |
r-release-macos-arm64 | 1.7.12 | 202.00 | NOTE | |||
r-release-macos-x86_64 | 1.7.12 | 370.00 | NOTE | |||
r-release-windows-x86_64 | 1.7.12 | 185.00 | 350.00 | 535.00 | OK | |
r-oldrel-macos-arm64 | 1.7.12 | 238.00 | NOTE | |||
r-oldrel-macos-x86_64 | 1.7.12 | 502.00 | NOTE | |||
r-oldrel-windows-x86_64 | 1.7.12 | 234.00 | 436.00 | 670.00 | OK |
Version: 1.7.12
Check: installed package size
Result: NOTE
installed size is 9.0Mb
sub-directories of 1Mb or more:
libs 6.7Mb
Flavors: r-release-macos-arm64, r-release-macos-x86_64, r-oldrel-macos-arm64, r-oldrel-macos-x86_64