Last updated on 2024-06-30 00:59:27 CEST.
Flavor | Version | Tinstall | Tcheck | Ttotal | Status | Flags |
---|---|---|---|---|---|---|
r-devel-linux-x86_64-debian-clang | 0.2.0 | 24.04 | 245.45 | 269.49 | OK | |
r-devel-linux-x86_64-debian-gcc | 0.2.0 | 17.18 | 182.51 | 199.69 | OK | |
r-devel-linux-x86_64-fedora-clang | 0.2.0 | 340.20 | NOTE | |||
r-devel-linux-x86_64-fedora-gcc | 0.2.0 | 333.96 | NOTE | |||
r-devel-windows-x86_64 | 0.2.0 | 18.00 | 181.00 | 199.00 | OK | |
r-patched-linux-x86_64 | 0.2.0 | 16.72 | 235.07 | 251.79 | OK | |
r-release-linux-x86_64 | 0.2.0 | 14.02 | 240.29 | 254.31 | OK | |
r-release-macos-arm64 | 0.2.0 | 93.00 | OK | |||
r-release-macos-x86_64 | 0.2.0 | 148.00 | OK | |||
r-release-windows-x86_64 | 0.2.0 | 18.00 | 184.00 | 202.00 | OK | |
r-oldrel-macos-arm64 | 0.2.0 | 112.00 | OK | |||
r-oldrel-macos-x86_64 | 0.2.0 | 213.00 | OK | |||
r-oldrel-windows-x86_64 | 0.2.0 | 23.00 | 237.00 | 260.00 | OK |
Version: 0.2.0
Check: data for non-ASCII characters
Result: NOTE
Note: found 1 marked UTF-8 string
Flavors: r-devel-linux-x86_64-fedora-clang, r-devel-linux-x86_64-fedora-gcc