Last updated on 2024-06-30 00:59:27 CEST.
Flavor | Version | Tinstall | Tcheck | Ttotal | Status | Flags |
---|---|---|---|---|---|---|
r-devel-linux-x86_64-debian-clang | 0.1.1 | 6.30 | 49.70 | 56.00 | OK | |
r-devel-linux-x86_64-debian-gcc | 0.1.1 | 4.70 | 37.45 | 42.15 | OK | |
r-devel-linux-x86_64-fedora-clang | 0.1.1 | 68.93 | NOTE | |||
r-devel-linux-x86_64-fedora-gcc | 0.1.1 | 65.63 | NOTE | |||
r-devel-windows-x86_64 | 0.1.1 | 7.00 | 58.00 | 65.00 | OK | |
r-patched-linux-x86_64 | 0.1.1 | 5.58 | 47.60 | 53.18 | OK | |
r-release-linux-x86_64 | 0.1.1 | 5.24 | 46.66 | 51.90 | OK | |
r-release-macos-arm64 | 0.1.1 | 24.00 | OK | |||
r-release-macos-x86_64 | 0.1.1 | 40.00 | OK | |||
r-release-windows-x86_64 | 0.1.1 | 7.00 | 58.00 | 65.00 | OK | |
r-oldrel-macos-arm64 | 0.1.1 | 25.00 | OK | |||
r-oldrel-macos-x86_64 | 0.1.1 | 40.00 | NOTE | |||
r-oldrel-windows-x86_64 | 0.1.1 | 7.00 | 66.00 | 73.00 | OK |
Version: 0.1.1
Check: dependencies in R code
Result: NOTE
Namespace in Imports field not imported from: ‘ks’
All declared Imports should be used.
Flavors: r-devel-linux-x86_64-fedora-clang, r-devel-linux-x86_64-fedora-gcc
Version: 0.1.1
Check: Rd cross-references
Result: NOTE
Undeclared package ‘HDoutliers’ in Rd xrefs
Flavor: r-devel-linux-x86_64-fedora-clang
Version: 0.1.1
Check: Rd cross-references
Result: NOTE
Package unavailable to check Rd xrefs: ‘HDoutliers’
Flavor: r-oldrel-macos-x86_64