Last updated on 2024-06-30 00:59:27 CEST.
Flavor | Version | Tinstall | Tcheck | Ttotal | Status | Flags |
---|---|---|---|---|---|---|
r-devel-linux-x86_64-debian-clang | 1.0.0 | 3.02 | 43.81 | 46.83 | NOTE | |
r-devel-linux-x86_64-debian-gcc | 1.0.0 | 2.26 | 32.28 | 34.54 | NOTE | |
r-devel-linux-x86_64-fedora-clang | 1.0.0 | 58.86 | NOTE | |||
r-devel-linux-x86_64-fedora-gcc | 1.0.0 | 53.74 | NOTE | |||
r-devel-windows-x86_64 | 1.0.0 | 3.00 | 52.00 | 55.00 | NOTE | |
r-patched-linux-x86_64 | 1.0.0 | 2.40 | 39.47 | 41.87 | NOTE | |
r-release-linux-x86_64 | 1.0.0 | 2.80 | 41.15 | 43.95 | NOTE | |
r-release-macos-arm64 | 1.0.0 | 22.00 | NOTE | |||
r-release-macos-x86_64 | 1.0.0 | 31.00 | NOTE | |||
r-release-windows-x86_64 | 1.0.0 | 5.00 | 54.00 | 59.00 | NOTE | |
r-oldrel-macos-arm64 | 1.0.0 | 23.00 | NOTE | |||
r-oldrel-macos-x86_64 | 1.0.0 | 33.00 | NOTE | |||
r-oldrel-windows-x86_64 | 1.0.0 | 4.00 | 58.00 | 62.00 | NOTE |
Version: 1.0.0
Check: LazyData
Result: NOTE
'LazyData' is specified without a 'data' directory
Flavors: r-devel-linux-x86_64-debian-clang, r-devel-linux-x86_64-debian-gcc, r-devel-linux-x86_64-fedora-clang, r-devel-linux-x86_64-fedora-gcc, r-devel-windows-x86_64, r-patched-linux-x86_64, r-release-linux-x86_64, r-release-macos-arm64, r-release-macos-x86_64, r-release-windows-x86_64, r-oldrel-macos-arm64, r-oldrel-macos-x86_64, r-oldrel-windows-x86_64