Last updated on 2024-06-30 00:59:27 CEST.
Flavor | Version | Tinstall | Tcheck | Ttotal | Status | Flags |
---|---|---|---|---|---|---|
r-devel-linux-x86_64-debian-clang | 1.0-3 | 3.71 | 85.84 | 89.55 | NOTE | |
r-devel-linux-x86_64-debian-gcc | 1.0-3 | 2.57 | 61.49 | 64.06 | NOTE | |
r-devel-linux-x86_64-fedora-clang | 1.0-3 | 105.20 | NOTE | |||
r-devel-linux-x86_64-fedora-gcc | 1.0-3 | 114.05 | NOTE | |||
r-devel-windows-x86_64 | 1.0-3 | 4.00 | 78.00 | 82.00 | NOTE | |
r-patched-linux-x86_64 | 1.0-3 | 3.29 | 78.69 | 81.98 | NOTE | |
r-release-linux-x86_64 | 1.0-3 | 2.81 | 79.60 | 82.41 | NOTE | |
r-release-macos-arm64 | 1.0-3 | 36.00 | NOTE | |||
r-release-macos-x86_64 | 1.0-3 | 56.00 | NOTE | |||
r-release-windows-x86_64 | 1.0-3 | 5.00 | 85.00 | 90.00 | NOTE | |
r-oldrel-macos-arm64 | 1.0-3 | 40.00 | NOTE | |||
r-oldrel-macos-x86_64 | 1.0-3 | 65.00 | NOTE | |||
r-oldrel-windows-x86_64 | 1.0-3 | 4.00 | 94.00 | 98.00 | NOTE |
Version: 1.0-3
Check: LazyData
Result: NOTE
'LazyData' is specified without a 'data' directory
Flavors: r-devel-linux-x86_64-debian-clang, r-devel-linux-x86_64-debian-gcc, r-devel-linux-x86_64-fedora-clang, r-devel-linux-x86_64-fedora-gcc, r-devel-windows-x86_64, r-patched-linux-x86_64, r-release-linux-x86_64, r-release-macos-arm64, r-release-macos-x86_64, r-release-windows-x86_64, r-oldrel-macos-arm64, r-oldrel-macos-x86_64, r-oldrel-windows-x86_64