Last updated on 2024-06-30 00:59:27 CEST.
Flavor | Version | Tinstall | Tcheck | Ttotal | Status | Flags |
---|---|---|---|---|---|---|
r-devel-linux-x86_64-debian-clang | 1.1.1 | 12.28 | 106.73 | 119.01 | NOTE | |
r-devel-linux-x86_64-debian-gcc | 1.1.1 | 10.16 | 78.04 | 88.20 | NOTE | |
r-devel-linux-x86_64-fedora-clang | 1.1.1 | 149.26 | NOTE | |||
r-devel-linux-x86_64-fedora-gcc | 1.1.1 | 145.48 | NOTE | |||
r-devel-windows-x86_64 | 1.1.1 | 13.00 | 86.00 | 99.00 | NOTE | |
r-patched-linux-x86_64 | 1.1.1 | 15.84 | 98.22 | 114.06 | NOTE | |
r-release-linux-x86_64 | 1.1.1 | 11.15 | 101.11 | 112.26 | NOTE | |
r-release-macos-arm64 | 1.1.1 | 41.00 | NOTE | |||
r-release-macos-x86_64 | 1.1.1 | 60.00 | NOTE | |||
r-release-windows-x86_64 | 1.1.1 | 11.00 | 89.00 | 100.00 | NOTE | |
r-oldrel-macos-arm64 | 1.1.1 | 25.00 | NOTE | |||
r-oldrel-macos-x86_64 | 1.1.1 | 37.00 | NOTE | |||
r-oldrel-windows-x86_64 | 1.1.1 | 17.00 | 112.00 | 129.00 | NOTE |
Version: 1.1.1
Check: package dependencies
Result: NOTE
Package suggested but not available for checking: ‘extraTrees’
Flavors: r-devel-linux-x86_64-debian-clang, r-devel-linux-x86_64-debian-gcc, r-devel-linux-x86_64-fedora-clang, r-devel-linux-x86_64-fedora-gcc, r-devel-windows-x86_64, r-patched-linux-x86_64, r-release-linux-x86_64, r-release-macos-arm64, r-release-macos-x86_64, r-release-windows-x86_64, r-oldrel-macos-arm64, r-oldrel-windows-x86_64
Version: 1.1.1
Check: package dependencies
Result: NOTE
Packages suggested but not available for checking:
'arm', 'bartMachine', 'extraTrees', 'party', 'xgboost'
Flavor: r-oldrel-macos-x86_64