Last updated on 2024-08-16 09:49:18 CEST.
Flavor | Version | Tinstall | Tcheck | Ttotal | Status | Flags |
---|---|---|---|---|---|---|
r-devel-linux-x86_64-debian-clang | 0.3.0 | 249.72 | 262.23 | 511.95 | NOTE | |
r-devel-linux-x86_64-debian-gcc | 0.3.0 | 234.14 | 201.91 | 436.05 | NOTE | |
r-devel-linux-x86_64-fedora-clang | 0.3.0 | 819.37 | NOTE | |||
r-devel-linux-x86_64-fedora-gcc | 0.3.0 | 1053.04 | NOTE | |||
r-devel-windows-x86_64 | 0.3.0 | 247.00 | 309.00 | 556.00 | NOTE | |
r-patched-linux-x86_64 | 0.3.0 | 297.95 | 278.95 | 576.90 | NOTE | |
r-release-linux-x86_64 | 0.3.0 | 296.12 | 286.58 | 582.70 | NOTE | |
r-release-macos-arm64 | 0.3.0 | 225.00 | NOTE | |||
r-release-macos-x86_64 | 0.3.0 | 510.00 | NOTE | |||
r-release-windows-x86_64 | 0.3.0 | 252.00 | 316.00 | 568.00 | NOTE | |
r-oldrel-macos-arm64 | 0.3.0 | 577.00 | NOTE | |||
r-oldrel-macos-x86_64 | 0.3.0 | 472.00 | NOTE | |||
r-oldrel-windows-x86_64 | 0.3.0 | 327.00 | 360.00 | 687.00 | NOTE |
Version: 0.3.0
Check: for GNU extensions in Makefiles
Result: NOTE
GNU make is a SystemRequirements.
Flavors: r-devel-linux-x86_64-debian-clang, r-devel-linux-x86_64-debian-gcc, r-devel-linux-x86_64-fedora-clang, r-devel-linux-x86_64-fedora-gcc, r-devel-windows-x86_64, r-patched-linux-x86_64, r-release-linux-x86_64, r-release-macos-arm64, r-release-macos-x86_64, r-release-windows-x86_64, r-oldrel-macos-arm64, r-oldrel-macos-x86_64, r-oldrel-windows-x86_64
Version: 0.3.0
Check: dependencies in R code
Result: NOTE
Namespaces in Imports field not imported from:
‘RcppParallel’ ‘rstantools’
All declared Imports should be used.
Flavors: r-devel-linux-x86_64-fedora-clang, r-devel-linux-x86_64-fedora-gcc
Version: 0.3.0
Check: installed package size
Result: NOTE
installed size is 63.4Mb
sub-directories of 1Mb or more:
libs 62.1Mb
Flavors: r-release-macos-arm64, r-release-macos-x86_64, r-oldrel-macos-arm64, r-oldrel-macos-x86_64