Last updated on 2024-08-16 09:49:18 CEST.
Flavor | Version | Tinstall | Tcheck | Ttotal | Status | Flags |
---|---|---|---|---|---|---|
r-devel-linux-x86_64-debian-clang | 1.0.6 | 102.52 | 129.63 | 232.15 | NOTE | |
r-devel-linux-x86_64-debian-gcc | 1.0.6 | 70.17 | 91.03 | 161.20 | NOTE | |
r-devel-linux-x86_64-fedora-clang | 1.0.6 | 383.01 | NOTE | |||
r-devel-linux-x86_64-fedora-gcc | 1.0.6 | 400.97 | NOTE | |||
r-devel-windows-x86_64 | 1.0.6 | 130.00 | 159.00 | 289.00 | NOTE | |
r-patched-linux-x86_64 | 1.0.6 | 96.22 | 124.05 | 220.27 | NOTE | |
r-release-linux-x86_64 | 1.0.6 | 104.47 | 123.05 | 227.52 | NOTE | |
r-release-macos-arm64 | 1.0.6 | 108.00 | NOTE | |||
r-release-macos-x86_64 | 1.0.6 | 126.00 | NOTE | |||
r-release-windows-x86_64 | 1.0.6 | 133.00 | 156.00 | 289.00 | NOTE | |
r-oldrel-macos-arm64 | 1.0.6 | 118.00 | NOTE | |||
r-oldrel-macos-x86_64 | 1.0.6 | 239.00 | NOTE | |||
r-oldrel-windows-x86_64 | 1.0.6 | 153.00 | 201.00 | 354.00 | NOTE |
Version: 1.0.6
Check: package dependencies
Result: NOTE
Package suggested but not available for checking: ‘gurobi’
Flavors: r-devel-linux-x86_64-debian-clang, r-devel-linux-x86_64-debian-gcc, r-devel-linux-x86_64-fedora-clang, r-devel-linux-x86_64-fedora-gcc, r-devel-windows-x86_64, r-patched-linux-x86_64, r-release-linux-x86_64, r-release-macos-arm64, r-release-macos-x86_64, r-release-windows-x86_64, r-oldrel-macos-arm64, r-oldrel-macos-x86_64, r-oldrel-windows-x86_64
Version: 1.0.6
Check: installed package size
Result: NOTE
installed size is 10.1Mb
sub-directories of 1Mb or more:
libs 9.0Mb
Flavors: r-release-macos-arm64, r-release-macos-x86_64, r-oldrel-macos-arm64, r-oldrel-macos-x86_64