Last updated on 2024-06-30 00:59:28 CEST.
Flavor | Version | Tinstall | Tcheck | Ttotal | Status | Flags |
---|---|---|---|---|---|---|
r-devel-linux-x86_64-debian-clang | 0.4.9 | 17.20 | 293.14 | 310.34 | OK | |
r-devel-linux-x86_64-debian-gcc | 0.4.9 | 13.35 | 210.50 | 223.85 | OK | |
r-devel-linux-x86_64-fedora-clang | 0.4.9 | 385.95 | NOTE | |||
r-devel-linux-x86_64-fedora-gcc | 0.4.9 | 376.82 | OK | |||
r-devel-windows-x86_64 | 0.4.9 | 15.00 | 212.00 | 227.00 | NOTE | |
r-patched-linux-x86_64 | 0.4.9 | 23.75 | 277.68 | 301.43 | OK | |
r-release-linux-x86_64 | 0.4.9 | 15.52 | 271.95 | 287.47 | OK | |
r-release-macos-arm64 | 0.4.9 | 102.00 | NOTE | |||
r-release-macos-x86_64 | 0.4.9 | 137.00 | NOTE | |||
r-release-windows-x86_64 | 0.4.9 | 15.00 | 214.00 | 229.00 | NOTE | |
r-oldrel-macos-arm64 | 0.4.9 | 103.00 | NOTE | |||
r-oldrel-macos-x86_64 | 0.4.9 | 165.00 | NOTE | |||
r-oldrel-windows-x86_64 | 0.4.9 | 19.00 | 270.00 | 289.00 | NOTE |
Version: 0.4.9
Check: installed package size
Result: NOTE
installed size is 6.1Mb
sub-directories of 1Mb or more:
doc 5.6Mb
Flavors: r-devel-linux-x86_64-fedora-clang, r-devel-windows-x86_64, r-release-macos-arm64, r-release-macos-x86_64, r-release-windows-x86_64, r-oldrel-macos-arm64, r-oldrel-macos-x86_64, r-oldrel-windows-x86_64