Last updated on 2024-06-16 11:58:08 CEST.
Flavor | Version | Tinstall | Tcheck | Ttotal | Status | Flags |
---|---|---|---|---|---|---|
r-devel-linux-x86_64-debian-clang | 1.0.0 | 2.51 | 28.36 | 30.87 | NOTE | |
r-devel-linux-x86_64-debian-gcc | 1.0.0 | 2.37 | 21.99 | 24.36 | NOTE | |
r-devel-linux-x86_64-fedora-clang | 1.0.0 | 39.91 | NOTE | |||
r-devel-linux-x86_64-fedora-gcc | 1.0.0 | 37.59 | NOTE | |||
r-devel-windows-x86_64 | 1.0.0 | 3.00 | 43.00 | 46.00 | NOTE | |
r-patched-linux-x86_64 | 1.0.0 | 3.15 | 26.67 | 29.82 | NOTE | |
r-release-linux-x86_64 | 1.0.0 | 2.48 | 27.32 | 29.80 | NOTE | |
r-release-macos-arm64 | 1.0.0 | 18.00 | NOTE | |||
r-release-macos-x86_64 | 1.0.0 | 23.00 | NOTE | |||
r-release-windows-x86_64 | 1.0.0 | 4.00 | 46.00 | 50.00 | NOTE | |
r-oldrel-macos-arm64 | 1.0.0 | 17.00 | OK | |||
r-oldrel-macos-x86_64 | 1.0.0 | 23.00 | OK | |||
r-oldrel-windows-x86_64 | 1.0.0 | 3.00 | 46.00 | 49.00 | OK |
Version: 1.0.0
Check: Rd files
Result: NOTE
checkRd: (-1) koInstall.Rd:24: Lost braces; missing escapes or markup?
24 | set, svKomodo loads {svSocket}, starts the socket server listening to the
| ^
checkRd: (-1) svKomodo-package.Rd:18: Lost braces; missing escapes or markup?
18 | Komodo and (2) the present {svKomodo} R package that work hand in hand to
| ^
checkRd: (-1) svKomodo-package.Rd:28: Lost braces; missing escapes or markup?
28 | Nevertheless, the SciViews-K Komodo addin and the {svKomodo} R package
| ^
checkRd: (-1) svKomodo-package.Rd:31: Lost braces; missing escapes or markup?
31 | communication protocols developed in the {svSocket} and {svHttp} R packages.
| ^
checkRd: (-1) svKomodo-package.Rd:31: Lost braces; missing escapes or markup?
31 | communication protocols developed in the {svSocket} and {svHttp} R packages.
| ^
checkRd: (-1) svKomodo-package.Rd:37: Lost braces; missing escapes or markup?
37 | Both SciViews-K and {svKomodo} should be considered archived items. I keep
| ^
Flavors: r-devel-linux-x86_64-debian-clang, r-devel-linux-x86_64-debian-gcc, r-devel-linux-x86_64-fedora-clang, r-devel-linux-x86_64-fedora-gcc, r-devel-windows-x86_64, r-patched-linux-x86_64, r-release-linux-x86_64, r-release-macos-arm64, r-release-macos-x86_64, r-release-windows-x86_64