Last updated on 2024-06-16 11:58:08 CEST.
Flavor | Version | Tinstall | Tcheck | Ttotal | Status | Flags |
---|---|---|---|---|---|---|
r-devel-linux-x86_64-debian-clang | 0.1.0 | 7.41 | 90.08 | 97.49 | NOTE | |
r-devel-linux-x86_64-debian-gcc | 0.1.0 | 7.28 | 67.11 | 74.39 | NOTE | |
r-devel-linux-x86_64-fedora-clang | 0.1.0 | 124.16 | NOTE | |||
r-devel-linux-x86_64-fedora-gcc | 0.1.0 | 120.63 | NOTE | |||
r-devel-windows-x86_64 | 0.1.0 | 9.00 | 82.00 | 91.00 | NOTE | |
r-patched-linux-x86_64 | 0.1.0 | 8.92 | 88.60 | 97.52 | NOTE | |
r-release-linux-x86_64 | 0.1.0 | 9.73 | 87.61 | 97.34 | NOTE | |
r-release-macos-arm64 | 0.1.0 | 42.00 | NOTE | |||
r-release-macos-x86_64 | 0.1.0 | 55.00 | NOTE | |||
r-release-windows-x86_64 | 0.1.0 | 8.00 | 84.00 | 92.00 | NOTE | |
r-oldrel-macos-arm64 | 0.1.0 | 38.00 | OK | |||
r-oldrel-macos-x86_64 | 0.1.0 | 64.00 | OK | |||
r-oldrel-windows-x86_64 | 0.1.0 | 12.00 | 97.00 | 109.00 | OK |
Version: 0.1.0
Check: Rd files
Result: NOTE
checkRd: (-1) eff_n.Rd:32: Lost braces; missing escapes or markup?
32 | \code{\link[survey:surveysummary]{survey::svymean()}} and related functions from the {survey}
| ^
Flavors: r-devel-linux-x86_64-debian-clang, r-devel-linux-x86_64-debian-gcc, r-devel-linux-x86_64-fedora-clang, r-devel-linux-x86_64-fedora-gcc, r-devel-windows-x86_64, r-patched-linux-x86_64, r-release-linux-x86_64, r-release-macos-arm64, r-release-macos-x86_64, r-release-windows-x86_64