Last updated on 2024-06-16 11:58:08 CEST.
Flavor | Version | Tinstall | Tcheck | Ttotal | Status | Flags |
---|---|---|---|---|---|---|
r-devel-linux-x86_64-debian-clang | 0.1.1 | 57.50 | 123.19 | 180.69 | NOTE | |
r-devel-linux-x86_64-debian-gcc | 0.1.1 | 41.93 | 93.99 | 135.92 | NOTE | |
r-devel-linux-x86_64-fedora-clang | 0.1.1 | 258.45 | NOTE | |||
r-devel-linux-x86_64-fedora-gcc | 0.1.1 | 261.61 | NOTE | |||
r-devel-windows-x86_64 | 0.1.1 | 48.00 | 132.00 | 180.00 | NOTE | |
r-patched-linux-x86_64 | 0.1.1 | 55.60 | 119.03 | 174.63 | NOTE | |
r-release-linux-x86_64 | 0.1.1 | 40.39 | 118.41 | 158.80 | NOTE | |
r-release-macos-arm64 | 0.1.1 | 69.00 | NOTE | |||
r-release-macos-x86_64 | 0.1.1 | 106.00 | NOTE | |||
r-release-windows-x86_64 | 0.1.1 | 53.00 | 141.00 | 194.00 | NOTE | |
r-oldrel-macos-arm64 | 0.1.1 | 77.00 | NOTE | |||
r-oldrel-macos-x86_64 | 0.1.1 | 129.00 | NOTE | |||
r-oldrel-windows-x86_64 | 0.1.1 | 63.00 | 159.00 | 222.00 | NOTE |
Version: 0.1.1
Check: C++ specification
Result: NOTE
Specified C++11: please drop specification unless essential
Flavors: r-devel-linux-x86_64-debian-clang, r-devel-linux-x86_64-debian-gcc, r-devel-linux-x86_64-fedora-clang, r-devel-linux-x86_64-fedora-gcc, r-devel-windows-x86_64, r-patched-linux-x86_64, r-release-linux-x86_64, r-release-macos-arm64, r-release-macos-x86_64, r-release-windows-x86_64, r-oldrel-macos-arm64, r-oldrel-macos-x86_64, r-oldrel-windows-x86_64