Last updated on 2024-06-16 11:58:09 CEST.
Flavor | Version | Tinstall | Tcheck | Ttotal | Status | Flags |
---|---|---|---|---|---|---|
r-devel-linux-x86_64-debian-clang | 0.3.2 | 17.24 | 145.68 | 162.92 | OK | |
r-devel-linux-x86_64-debian-gcc | 0.3.2 | 14.52 | 107.21 | 121.73 | OK | |
r-devel-linux-x86_64-fedora-clang | 0.3.2 | 197.39 | NOTE | |||
r-devel-linux-x86_64-fedora-gcc | 0.3.2 | 196.97 | OK | |||
r-devel-windows-x86_64 | 0.3.2 | 17.00 | 114.00 | 131.00 | OK | |
r-patched-linux-x86_64 | 0.3.2 | 13.35 | 137.54 | 150.89 | OK | |
r-release-linux-x86_64 | 0.3.2 | 15.57 | 139.06 | 154.63 | OK | |
r-release-macos-arm64 | 0.3.2 | 61.00 | OK | |||
r-release-macos-x86_64 | 0.3.2 | 90.00 | OK | |||
r-release-windows-x86_64 | 0.3.2 | 17.00 | 131.00 | 148.00 | OK | |
r-oldrel-macos-arm64 | 0.3.2 | 46.00 | OK | |||
r-oldrel-macos-x86_64 | 0.3.2 | 68.00 | OK | |||
r-oldrel-windows-x86_64 | 0.3.2 | 21.00 | 143.00 | 164.00 | OK |
Version: 0.3.2
Check: package dependencies
Result: NOTE
Imports includes 22 non-default packages.
Importing from so many packages makes the package vulnerable to any of
them becoming unavailable. Move as many as possible to Suggests and
use conditionally.
Flavor: r-devel-linux-x86_64-fedora-clang