CRAN Package Check Results for Package targeted

Last updated on 2025-04-29 00:52:26 CEST.

Flavor Version Tinstall Tcheck Ttotal Status Flags
r-devel-linux-x86_64-debian-clang 0.5 174.60 156.27 330.87 NOTE
r-devel-linux-x86_64-debian-gcc 0.5 118.49 114.07 232.56 NOTE
r-devel-linux-x86_64-fedora-clang 0.5 626.42 NOTE
r-devel-linux-x86_64-fedora-gcc 0.5 614.51 NOTE
r-devel-windows-x86_64 0.5 193.00 185.00 378.00 NOTE
r-patched-linux-x86_64 0.5 171.98 146.08 318.06 NOTE
r-release-linux-x86_64 0.5 176.42 147.73 324.15 NOTE
r-release-macos-arm64 0.5 145.00 NOTE
r-release-macos-x86_64 0.5 230.00 NOTE
r-release-windows-x86_64 0.5 198.00 190.00 388.00 NOTE
r-oldrel-macos-arm64 0.5 133.00 NOTE
r-oldrel-macos-x86_64 0.5 160.00 NOTE
r-oldrel-windows-x86_64 0.5 226.00 225.00 451.00 OK

Check Details

Version: 0.5
Check: DESCRIPTION meta-information
Result: NOTE Missing dependency on R >= 4.1.0 because package code uses the pipe |> or function shorthand \(...) syntax added in R 4.1.0. File(s) using such syntax: ‘alean.Rd’ ‘nondom.Rd’ Flavors: r-devel-linux-x86_64-debian-clang, r-devel-linux-x86_64-debian-gcc, r-devel-linux-x86_64-fedora-clang, r-devel-linux-x86_64-fedora-gcc, r-devel-windows-x86_64, r-patched-linux-x86_64, r-release-linux-x86_64, r-release-macos-arm64, r-release-macos-x86_64, r-release-windows-x86_64

Version: 0.5
Check: examples
Result: NOTE Examples with CPU (user + system) or elapsed time > 5s user system elapsed cate_link 4.099 0.099 5.133 Flavor: r-devel-linux-x86_64-debian-gcc

Version: 0.5
Check: installed package size
Result: NOTE installed size is 15.0Mb sub-directories of 1Mb or more: doc 1.1Mb libs 13.3Mb Flavors: r-oldrel-macos-arm64, r-oldrel-macos-x86_64