Last updated on 2024-06-16 11:58:09 CEST.
Flavor | Version | Tinstall | Tcheck | Ttotal | Status | Flags |
---|---|---|---|---|---|---|
r-devel-linux-x86_64-debian-clang | 0.2.4 | 13.63 | 99.06 | 112.69 | OK | |
r-devel-linux-x86_64-debian-gcc | 0.2.4 | 10.67 | 75.33 | 86.00 | OK | |
r-devel-linux-x86_64-fedora-clang | 0.2.4 | 146.82 | NOTE | |||
r-devel-linux-x86_64-fedora-gcc | 0.2.4 | 150.22 | NOTE | |||
r-devel-windows-x86_64 | 0.2.4 | 12.00 | 98.00 | 110.00 | OK | |
r-patched-linux-x86_64 | 0.2.4 | 15.28 | 97.57 | 112.85 | OK | |
r-release-linux-x86_64 | 0.2.4 | 8.37 | 96.42 | 104.79 | OK | |
r-release-macos-arm64 | 0.2.4 | 41.00 | OK | |||
r-release-macos-x86_64 | 0.2.4 | 60.00 | OK | |||
r-release-windows-x86_64 | 0.2.4 | 11.00 | 89.00 | 100.00 | OK | |
r-oldrel-macos-arm64 | 0.2.4 | 44.00 | OK | |||
r-oldrel-macos-x86_64 | 0.2.4 | 71.00 | OK | |||
r-oldrel-windows-x86_64 | 0.2.4 | 15.00 | 114.00 | 129.00 | OK |
Version: 0.2.4
Check: data for non-ASCII characters
Result: NOTE
Note: found 137 marked UTF-8 strings
Flavors: r-devel-linux-x86_64-fedora-clang, r-devel-linux-x86_64-fedora-gcc