Last updated on 2024-06-30 00:59:28 CEST.
Flavor | Version | Tinstall | Tcheck | Ttotal | Status | Flags |
---|---|---|---|---|---|---|
r-devel-linux-x86_64-debian-clang | 0.3.0 | 143.91 | 49.46 | 193.37 | OK | |
r-devel-linux-x86_64-debian-gcc | 0.3.0 | 100.94 | 37.05 | 137.99 | OK | |
r-devel-linux-x86_64-fedora-clang | 0.3.0 | 289.44 | OK | |||
r-devel-linux-x86_64-fedora-gcc | 0.3.0 | 322.74 | OK | |||
r-devel-windows-x86_64 | 0.3.0 | 112.00 | 88.00 | 200.00 | OK | |
r-patched-linux-x86_64 | 0.3.0 | 123.00 | 46.57 | 169.57 | OK | |
r-release-linux-x86_64 | 0.3.0 | 120.45 | 48.79 | 169.24 | OK | |
r-release-macos-arm64 | 0.3.0 | 57.00 | NOTE | |||
r-release-macos-x86_64 | 0.3.0 | 65.00 | NOTE | |||
r-release-windows-x86_64 | 0.3.0 | 115.00 | 86.00 | 201.00 | OK | |
r-oldrel-macos-arm64 | 0.3.0 | 67.00 | NOTE | |||
r-oldrel-macos-x86_64 | 0.3.0 | 121.00 | NOTE | |||
r-oldrel-windows-x86_64 | 0.3.0 | 105.00 | 100.00 | 205.00 | OK |
Version: 0.3.0
Check: installed package size
Result: NOTE
installed size is 6.8Mb
sub-directories of 1Mb or more:
libs 6.5Mb
Flavors: r-release-macos-arm64, r-release-macos-x86_64, r-oldrel-macos-arm64, r-oldrel-macos-x86_64