Last updated on 2024-06-30 00:59:28 CEST.
Flavor | Version | Tinstall | Tcheck | Ttotal | Status | Flags |
---|---|---|---|---|---|---|
r-devel-linux-x86_64-debian-clang | 0.4.2 | 6.95 | 84.31 | 91.26 | OK | |
r-devel-linux-x86_64-debian-gcc | 0.4.2 | 4.86 | 61.58 | 66.44 | OK | |
r-devel-linux-x86_64-fedora-clang | 0.4.2 | 116.43 | NOTE | |||
r-devel-linux-x86_64-fedora-gcc | 0.4.2 | 104.22 | NOTE | |||
r-devel-windows-x86_64 | 0.4.2 | 7.00 | 86.00 | 93.00 | OK | |
r-patched-linux-x86_64 | 0.4.2 | 6.59 | 77.98 | 84.57 | OK | |
r-release-linux-x86_64 | 0.4.2 | 5.97 | 81.33 | 87.30 | OK | |
r-release-macos-arm64 | 0.4.2 | 49.00 | OK | |||
r-release-macos-x86_64 | 0.4.2 | 79.00 | OK | |||
r-release-windows-x86_64 | 0.4.2 | 7.00 | 87.00 | 94.00 | OK | |
r-oldrel-macos-arm64 | 0.4.2 | 80.00 | OK | |||
r-oldrel-macos-x86_64 | 0.4.2 | 100.00 | OK | |||
r-oldrel-windows-x86_64 | 0.4.2 | 9.00 | 98.00 | 107.00 | OK |
Version: 0.4.2
Check: for detritus in the temp directory
Result: NOTE
Found the following files/directories:
‘Crashpad’
Flavors: r-devel-linux-x86_64-fedora-clang, r-devel-linux-x86_64-fedora-gcc