Last updated on 2024-06-30 00:59:28 CEST.
Flavor | Version | Tinstall | Tcheck | Ttotal | Status | Flags |
---|---|---|---|---|---|---|
r-devel-linux-x86_64-debian-clang | 1.1.1 | 211.49 | 47.21 | 258.70 | OK | |
r-devel-linux-x86_64-debian-gcc | 1.1.1 | 161.47 | 45.16 | 206.63 | OK | |
r-devel-linux-x86_64-fedora-clang | 1.1.1 | 403.28 | OK | |||
r-devel-linux-x86_64-fedora-gcc | 1.1.1 | 469.82 | OK | |||
r-devel-windows-x86_64 | 1.1.1 | 168.00 | 86.00 | 254.00 | OK | |
r-patched-linux-x86_64 | 1.1.1 | 211.27 | 54.81 | 266.08 | OK | |
r-release-linux-x86_64 | 1.1.1 | 195.57 | 53.59 | 249.16 | OK | |
r-release-macos-arm64 | 1.1.1 | 106.00 | NOTE | |||
r-release-macos-x86_64 | 1.1.1 | 81.00 | NOTE | |||
r-release-windows-x86_64 | 1.1.1 | 168.00 | 87.00 | 255.00 | OK | |
r-oldrel-macos-arm64 | 1.1.1 | 97.00 | NOTE | |||
r-oldrel-macos-x86_64 | 1.1.1 | 147.00 | NOTE | |||
r-oldrel-windows-x86_64 | 1.1.1 | 198.00 | 98.00 | 296.00 | OK |
Version: 1.1.1
Check: installed package size
Result: NOTE
installed size is 14.9Mb
sub-directories of 1Mb or more:
libs 14.8Mb
Flavors: r-release-macos-arm64, r-release-macos-x86_64, r-oldrel-macos-arm64, r-oldrel-macos-x86_64