Last updated on 2024-06-16 11:58:09 CEST.
Flavor | Version | Tinstall | Tcheck | Ttotal | Status | Flags |
---|---|---|---|---|---|---|
r-devel-linux-x86_64-debian-clang | 0.1.4 | 17.20 | 153.60 | 170.80 | OK | |
r-devel-linux-x86_64-debian-gcc | 0.1.4 | 9.66 | 109.99 | 119.65 | OK | |
r-devel-linux-x86_64-fedora-clang | 0.1.4 | 204.90 | OK | |||
r-devel-linux-x86_64-fedora-gcc | 0.1.4 | 203.46 | OK | |||
r-devel-windows-x86_64 | 0.1.4 | 14.00 | 121.00 | 135.00 | ERROR | |
r-patched-linux-x86_64 | 0.1.3 | 13.23 | 141.59 | 154.82 | OK | |
r-release-linux-x86_64 | 0.1.3 | 13.15 | 145.07 | 158.22 | OK | |
r-release-macos-arm64 | 0.1.4 | 64.00 | OK | |||
r-release-macos-x86_64 | 0.1.4 | 149.00 | OK | |||
r-release-windows-x86_64 | 0.1.4 | 13.00 | 116.00 | 129.00 | OK | |
r-oldrel-macos-arm64 | 0.1.4 | 77.00 | OK | |||
r-oldrel-macos-x86_64 | 0.1.4 | 129.00 | OK | |||
r-oldrel-windows-x86_64 | 0.1.4 | 16.00 | 127.00 | 143.00 | OK |
Version: 0.1.4
Check: whether package can be installed
Result: ERROR
Installation failed.
Flavor: r-devel-windows-x86_64