Last updated on 2024-06-30 00:59:28 CEST.
Flavor | Version | Tinstall | Tcheck | Ttotal | Status | Flags |
---|---|---|---|---|---|---|
r-devel-linux-x86_64-debian-clang | 1.7-78 | 658.28 | 479.49 | 1137.77 | OK | |
r-devel-linux-x86_64-debian-gcc | 1.7-78 | 531.63 | 318.96 | 850.59 | OK | |
r-devel-linux-x86_64-fedora-clang | 1.7-78 | 1577.97 | NOTE | |||
r-devel-linux-x86_64-fedora-gcc | 1.7-78 | 1769.20 | OK | |||
r-devel-windows-x86_64 | 1.7-78 | 505.00 | 840.00 | 1345.00 | NOTE | |
r-patched-linux-x86_64 | 1.7-78 | 623.10 | 443.03 | 1066.13 | OK | |
r-release-linux-x86_64 | 1.7-78 | 646.61 | 446.89 | 1093.50 | OK | |
r-release-macos-arm64 | 1.7-78 | 365.00 | NOTE | |||
r-release-macos-x86_64 | 1.7-78 | 379.00 | NOTE | |||
r-release-windows-x86_64 | 1.7-78 | 524.00 | 847.00 | 1371.00 | NOTE | |
r-oldrel-macos-arm64 | 1.7-78 | 362.00 | NOTE | |||
r-oldrel-macos-x86_64 | 1.7-78 | 704.00 | NOTE | |||
r-oldrel-windows-x86_64 | 1.7-78 | 655.00 | 1082.00 | 1737.00 | NOTE |
Version: 1.7-78
Check: installed package size
Result: NOTE
installed size is 10.0Mb
sub-directories of 1Mb or more:
R 2.3Mb
libs 6.3Mb
Flavors: r-devel-linux-x86_64-fedora-clang, r-devel-windows-x86_64, r-release-macos-arm64, r-release-macos-x86_64, r-release-windows-x86_64, r-oldrel-macos-arm64, r-oldrel-macos-x86_64, r-oldrel-windows-x86_64