Last updated on 2024-06-30 00:59:28 CEST.
Flavor | Version | Tinstall | Tcheck | Ttotal | Status | Flags |
---|---|---|---|---|---|---|
r-devel-linux-x86_64-debian-clang | 0.2.0 | 9.02 | 80.41 | 89.43 | OK | |
r-devel-linux-x86_64-debian-gcc | 0.2.0 | 5.72 | 61.08 | 66.80 | OK | |
r-devel-linux-x86_64-fedora-clang | 0.2.0 | 130.68 | NOTE | |||
r-devel-linux-x86_64-fedora-gcc | 0.2.0 | 134.68 | NOTE | |||
r-devel-windows-x86_64 | 0.2.0 | 8.00 | 100.00 | 108.00 | OK | |
r-patched-linux-x86_64 | 0.2.0 | 5.20 | 76.79 | 81.99 | OK | |
r-release-linux-x86_64 | 0.2.0 | 7.26 | 79.13 | 86.39 | OK | |
r-release-macos-arm64 | 0.2.0 | 66.00 | OK | |||
r-release-macos-x86_64 | 0.2.0 | 90.00 | OK | |||
r-release-windows-x86_64 | 0.2.0 | 7.00 | 100.00 | 107.00 | OK | |
r-oldrel-macos-arm64 | 0.2.0 | 52.00 | OK | |||
r-oldrel-macos-x86_64 | 0.2.0 | 89.00 | OK | |||
r-oldrel-windows-x86_64 | 0.2.0 | 10.00 | 103.00 | 113.00 | OK |
Version: 0.2.0
Check: for detritus in the temp directory
Result: NOTE
Found the following files/directories:
‘par-7269706c6579’
Flavors: r-devel-linux-x86_64-fedora-clang, r-devel-linux-x86_64-fedora-gcc