Last updated on 2024-06-30 00:59:28 CEST.
Flavor | Version | Tinstall | Tcheck | Ttotal | Status | Flags |
---|---|---|---|---|---|---|
r-devel-linux-x86_64-debian-clang | 0.1.1 | 15.76 | 33.45 | 49.21 | OK | |
r-devel-linux-x86_64-debian-gcc | 0.1.1 | 15.51 | 25.50 | 41.01 | OK | |
r-devel-linux-x86_64-fedora-clang | 0.1.1 | 68.77 | NOTE | |||
r-devel-linux-x86_64-fedora-gcc | 0.1.1 | 65.33 | OK | |||
r-devel-windows-x86_64 | 0.1.1 | 17.00 | 43.00 | 60.00 | NOTE | |
r-patched-linux-x86_64 | 0.1.1 | 16.68 | 31.97 | 48.65 | OK | |
r-release-linux-x86_64 | 0.1.1 | 18.33 | 32.83 | 51.16 | OK | |
r-release-macos-arm64 | 0.1.1 | 29.00 | NOTE | |||
r-release-macos-x86_64 | 0.1.1 | 43.00 | NOTE | |||
r-release-windows-x86_64 | 0.1.1 | 16.00 | 43.00 | 59.00 | NOTE | |
r-oldrel-macos-arm64 | 0.1.1 | 29.00 | NOTE | |||
r-oldrel-macos-x86_64 | 0.1.1 | 51.00 | NOTE | |||
r-oldrel-windows-x86_64 | 0.1.1 | 19.00 | 46.00 | 65.00 | NOTE |
Version: 0.1.1
Check: installed package size
Result: NOTE
installed size is 5.3Mb
sub-directories of 1Mb or more:
data 5.2Mb
Flavors: r-devel-linux-x86_64-fedora-clang, r-devel-windows-x86_64, r-release-macos-arm64, r-release-macos-x86_64, r-release-windows-x86_64, r-oldrel-macos-arm64, r-oldrel-macos-x86_64, r-oldrel-windows-x86_64