Last updated on 2024-06-30 00:59:28 CEST.
Flavor | Version | Tinstall | Tcheck | Ttotal | Status | Flags |
---|---|---|---|---|---|---|
r-devel-linux-x86_64-debian-clang | 1.1.8 | 128.06 | 162.01 | 290.07 | OK | |
r-devel-linux-x86_64-debian-gcc | 1.1.8 | 101.45 | 128.53 | 229.98 | OK | |
r-devel-linux-x86_64-fedora-clang | 1.1.8 | 417.05 | OK | |||
r-devel-linux-x86_64-fedora-gcc | 1.1.8 | 449.87 | OK | |||
r-devel-windows-x86_64 | 1.1.8 | 108.00 | 161.00 | 269.00 | OK | |
r-patched-linux-x86_64 | 1.1.8 | 122.75 | 157.99 | 280.74 | OK | |
r-release-linux-x86_64 | 1.1.8 | 122.37 | 160.47 | 282.84 | OK | |
r-release-macos-arm64 | 1.1.8 | 101.00 | NOTE | |||
r-release-macos-x86_64 | 1.1.8 | 142.00 | NOTE | |||
r-release-windows-x86_64 | 1.1.8 | 106.00 | 156.00 | 262.00 | OK | |
r-oldrel-macos-arm64 | 1.1.8 | 123.00 | NOTE | |||
r-oldrel-macos-x86_64 | 1.1.8 | 225.00 | NOTE | |||
r-oldrel-windows-x86_64 | 1.1.8 | 127.00 | 191.00 | 318.00 | OK |
Version: 1.1.8
Check: installed package size
Result: NOTE
installed size is 15.3Mb
sub-directories of 1Mb or more:
libs 13.8Mb
Flavors: r-release-macos-arm64, r-release-macos-x86_64, r-oldrel-macos-arm64, r-oldrel-macos-x86_64