Last updated on 2024-06-16 11:58:09 CEST.
Flavor | Version | Tinstall | Tcheck | Ttotal | Status | Flags |
---|---|---|---|---|---|---|
r-devel-linux-x86_64-debian-clang | 1.0.6 | 23.45 | 233.65 | 257.10 | NOTE | |
r-devel-linux-x86_64-debian-gcc | 1.0.6 | 16.69 | 171.84 | 188.53 | NOTE | |
r-devel-linux-x86_64-fedora-clang | 1.0.6 | 302.18 | NOTE | |||
r-devel-linux-x86_64-fedora-gcc | 1.0.6 | 343.14 | NOTE | |||
r-devel-windows-x86_64 | 1.0.6 | 19.00 | 188.00 | 207.00 | NOTE | |
r-patched-linux-x86_64 | 1.0.6 | 27.67 | 220.13 | 247.80 | OK | |
r-release-linux-x86_64 | 1.0.6 | 14.52 | 223.35 | 237.87 | OK | |
r-release-macos-arm64 | 1.0.6 | 97.00 | OK | |||
r-release-macos-x86_64 | 1.0.6 | 167.00 | OK | |||
r-release-windows-x86_64 | 1.0.6 | 22.00 | 201.00 | 223.00 | OK | |
r-oldrel-macos-arm64 | 1.0.6 | 242.00 | OK | |||
r-oldrel-macos-x86_64 | 1.0.6 | 308.00 | OK | |||
r-oldrel-windows-x86_64 | 1.0.6 | 26.00 | 238.00 | 264.00 | OK |
Version: 1.0.6
Check: compiled code
Result: NOTE
File ‘textrecipes/libs/textrecipes.so’:
Found non-API calls to R: ‘SETLENGTH’, ‘SET_TRUELENGTH’
Compiled code should not call non-API entry points in R.
See ‘Writing portable packages’ in the ‘Writing R Extensions’ manual.
Flavor: r-devel-linux-x86_64-debian-clang
Version: 1.0.6
Check: compiled code
Result: NOTE
File ‘textrecipes/libs/textrecipes.so’:
Found non-API calls to R: ‘SETLENGTH’, ‘SET_GROWABLE_BIT’,
‘SET_TRUELENGTH’
Compiled code should not call non-API entry points in R.
See ‘Writing portable packages’ in the ‘Writing R Extensions’ manual.
Flavors: r-devel-linux-x86_64-debian-gcc, r-devel-linux-x86_64-fedora-clang, r-devel-linux-x86_64-fedora-gcc
Version: 1.0.6
Check: data for non-ASCII characters
Result: NOTE
Note: found 4 marked UTF-8 strings
Flavors: r-devel-linux-x86_64-fedora-clang, r-devel-linux-x86_64-fedora-gcc
Version: 1.0.6
Check: compiled code
Result: NOTE
File 'textrecipes/libs/x64/textrecipes.dll':
Found non-API calls to R: 'SETLENGTH', 'SET_TRUELENGTH'
Compiled code should not call non-API entry points in R.
See 'Writing portable packages' in the 'Writing R Extensions' manual.
Flavor: r-devel-windows-x86_64