Last updated on 2024-06-16 11:58:09 CEST.
Flavor | Version | Tinstall | Tcheck | Ttotal | Status | Flags |
---|---|---|---|---|---|---|
r-devel-linux-x86_64-debian-clang | 0.4.0 | 24.16 | 33.73 | 57.89 | NOTE | |
r-devel-linux-x86_64-debian-gcc | 0.4.0 | 19.46 | 26.30 | 45.76 | NOTE | |
r-devel-linux-x86_64-fedora-clang | 0.4.0 | 91.53 | NOTE | |||
r-devel-linux-x86_64-fedora-gcc | 0.4.0 | 99.05 | NOTE | |||
r-devel-windows-x86_64 | 0.4.0 | 26.00 | 70.00 | 96.00 | NOTE | |
r-patched-linux-x86_64 | 0.4.0 | 25.80 | 31.80 | 57.60 | OK | |
r-release-linux-x86_64 | 0.4.0 | 22.80 | 31.95 | 54.75 | OK | |
r-release-macos-arm64 | 0.4.0 | 61.00 | NOTE | |||
r-release-macos-x86_64 | 0.4.0 | 51.00 | NOTE | |||
r-release-windows-x86_64 | 0.4.0 | 28.00 | 74.00 | 102.00 | OK | |
r-oldrel-macos-arm64 | 0.4.0 | 42.00 | NOTE | |||
r-oldrel-macos-x86_64 | 0.4.0 | 72.00 | NOTE | |||
r-oldrel-windows-x86_64 | 0.4.0 | 31.00 | 77.00 | 108.00 | OK |
Version: 0.4.0
Check: compiled code
Result: NOTE
File ‘textshaping/libs/textshaping.so’:
Found non-API calls to R: ‘SETLENGTH’, ‘SET_TRUELENGTH’
Compiled code should not call non-API entry points in R.
See ‘Writing portable packages’ in the ‘Writing R Extensions’ manual.
Flavor: r-devel-linux-x86_64-debian-clang
Version: 0.4.0
Check: compiled code
Result: NOTE
File ‘textshaping/libs/textshaping.so’:
Found non-API calls to R: ‘SETLENGTH’, ‘SET_GROWABLE_BIT’,
‘SET_TRUELENGTH’
Compiled code should not call non-API entry points in R.
See ‘Writing portable packages’ in the ‘Writing R Extensions’ manual.
Flavors: r-devel-linux-x86_64-debian-gcc, r-devel-linux-x86_64-fedora-clang, r-devel-linux-x86_64-fedora-gcc
Version: 0.4.0
Check: compiled code
Result: NOTE
File 'textshaping/libs/x64/textshaping.dll':
Found non-API calls to R: 'SETLENGTH', 'SET_TRUELENGTH'
Compiled code should not call non-API entry points in R.
See 'Writing portable packages' in the 'Writing R Extensions' manual.
Flavor: r-devel-windows-x86_64
Version: 0.4.0
Check: installed package size
Result: NOTE
installed size is 21.2Mb
sub-directories of 1Mb or more:
libs 21.0Mb
Flavors: r-release-macos-arm64, r-release-macos-x86_64, r-oldrel-macos-arm64, r-oldrel-macos-x86_64