Last updated on 2024-06-30 00:59:28 CEST.
Flavor | Version | Tinstall | Tcheck | Ttotal | Status | Flags |
---|---|---|---|---|---|---|
r-devel-linux-x86_64-debian-clang | 0.0.4 | 128.50 | 66.54 | 195.04 | OK | |
r-devel-linux-x86_64-debian-gcc | 0.0.4 | 96.73 | 48.05 | 144.78 | OK | |
r-devel-linux-x86_64-fedora-clang | 0.0.4 | 301.62 | OK | |||
r-devel-linux-x86_64-fedora-gcc | 0.0.4 | 313.41 | OK | |||
r-devel-windows-x86_64 | 0.0.4 | 124.00 | 122.00 | 246.00 | OK | |
r-patched-linux-x86_64 | 0.0.3 | 115.15 | 62.68 | 177.83 | OK | |
r-release-linux-x86_64 | 0.0.3 | 115.21 | 63.46 | 178.67 | OK | |
r-release-macos-arm64 | 0.0.4 | 70.00 | NOTE | |||
r-release-macos-x86_64 | 0.0.4 | 101.00 | NOTE | |||
r-release-windows-x86_64 | 0.0.3 | 128.00 | 136.00 | 264.00 | OK | |
r-oldrel-macos-arm64 | 0.0.4 | 73.00 | NOTE | |||
r-oldrel-macos-x86_64 | 0.0.4 | 87.00 | NOTE | |||
r-oldrel-windows-x86_64 | 0.0.4 | 123.00 | 125.00 | 248.00 | OK |
Version: 0.0.4
Check: installed package size
Result: NOTE
installed size is 27.4Mb
sub-directories of 1Mb or more:
libs 27.1Mb
Flavors: r-release-macos-arm64, r-release-macos-x86_64, r-oldrel-macos-arm64, r-oldrel-macos-x86_64