Last updated on 2024-06-30 00:59:28 CEST.
Flavor | Version | Tinstall | Tcheck | Ttotal | Status | Flags |
---|---|---|---|---|---|---|
r-devel-linux-x86_64-debian-clang | 1.0.0 | 5.43 | 240.50 | 245.93 | OK | |
r-devel-linux-x86_64-debian-gcc | 1.0.0 | 4.18 | 150.50 | 154.68 | OK | |
r-devel-linux-x86_64-fedora-clang | 1.0.0 | 292.17 | NOTE | |||
r-devel-linux-x86_64-fedora-gcc | 1.0.0 | 291.12 | OK | |||
r-devel-windows-x86_64 | 1.0.0 | 6.00 | 142.00 | 148.00 | OK | |
r-patched-linux-x86_64 | 1.0.0 | 4.81 | 222.56 | 227.37 | OK | |
r-release-linux-x86_64 | 1.0.0 | 3.37 | 221.47 | 224.84 | OK | |
r-release-macos-arm64 | 1.0.0 | 57.00 | OK | |||
r-release-macos-x86_64 | 1.0.0 | 98.00 | OK | |||
r-release-windows-x86_64 | 1.0.0 | 5.00 | 145.00 | 150.00 | OK | |
r-oldrel-macos-arm64 | 1.0.0 | 77.00 | OK | |||
r-oldrel-macos-x86_64 | 1.0.0 | 259.00 | OK | |||
r-oldrel-windows-x86_64 | 1.0.0 | 8.00 | 197.00 | 205.00 | OK |
Version: 1.0.0
Check: Rd cross-references
Result: NOTE
Undeclared package ‘fpc’ in Rd xrefs
Flavor: r-devel-linux-x86_64-fedora-clang