Last updated on 2024-08-16 09:49:19 CEST.
Flavor | Version | Tinstall | Tcheck | Ttotal | Status | Flags |
---|---|---|---|---|---|---|
r-devel-linux-x86_64-debian-clang | 1.2.0 | 14.64 | 124.25 | 138.89 | OK | |
r-devel-linux-x86_64-debian-gcc | 1.2.0 | 10.88 | 89.09 | 99.97 | OK | |
r-devel-linux-x86_64-fedora-clang | 1.2.0 | 225.52 | NOTE | |||
r-devel-linux-x86_64-fedora-gcc | 1.2.0 | 233.97 | OK | |||
r-devel-windows-x86_64 | 1.2.0 | 15.00 | 125.00 | 140.00 | OK | |
r-patched-linux-x86_64 | 1.2.0 | 13.28 | 117.21 | 130.49 | OK | |
r-release-linux-x86_64 | 1.2.0 | 12.82 | 117.76 | 130.58 | OK | |
r-release-macos-arm64 | 1.2.0 | 63.00 | OK | |||
r-release-macos-x86_64 | 1.2.0 | 113.00 | OK | |||
r-release-windows-x86_64 | 1.2.0 | 16.00 | 126.00 | 142.00 | OK | |
r-oldrel-macos-arm64 | 1.2.0 | 67.00 | OK | |||
r-oldrel-macos-x86_64 | 1.2.0 | 145.00 | OK | |||
r-oldrel-windows-x86_64 | 1.2.0 | 20.00 | 155.00 | 175.00 | OK |
Version: 1.2.0
Check: package dependencies
Result: NOTE
Imports includes 21 non-default packages.
Importing from so many packages makes the package vulnerable to any of
them becoming unavailable. Move as many as possible to Suggests and
use conditionally.
Flavor: r-devel-linux-x86_64-fedora-clang