Last updated on 2024-06-16 11:58:09 CEST.
Flavor | Version | Tinstall | Tcheck | Ttotal | Status | Flags |
---|---|---|---|---|---|---|
r-devel-linux-x86_64-debian-clang | 0.1.0 | 13.81 | 103.90 | 117.71 | OK | |
r-devel-linux-x86_64-debian-gcc | 0.1.0 | 10.37 | 76.42 | 86.79 | OK | |
r-devel-linux-x86_64-fedora-clang | 0.1.0 | 143.24 | NOTE | |||
r-devel-linux-x86_64-fedora-gcc | 0.1.0 | 136.42 | NOTE | |||
r-devel-windows-x86_64 | 0.1.0 | 11.00 | 90.00 | 101.00 | OK | |
r-patched-linux-x86_64 | 0.1.0 | 16.93 | 100.55 | 117.48 | OK | |
r-release-linux-x86_64 | 0.1.0 | 8.10 | 97.40 | 105.50 | OK | |
r-release-macos-arm64 | 0.1.0 | 43.00 | OK | |||
r-release-macos-x86_64 | 0.1.0 | 97.00 | OK | |||
r-release-windows-x86_64 | 0.1.0 | 14.00 | 94.00 | 108.00 | OK | |
r-oldrel-macos-arm64 | 0.1.0 | 46.00 | OK | |||
r-oldrel-macos-x86_64 | 0.1.0 | 70.00 | OK | |||
r-oldrel-windows-x86_64 | 0.1.0 | 14.00 | 111.00 | 125.00 | OK |
Version: 0.1.0
Check: dependencies in R code
Result: NOTE
Namespace in Imports field not imported from: ‘reticulate’
All declared Imports should be used.
Flavors: r-devel-linux-x86_64-fedora-clang, r-devel-linux-x86_64-fedora-gcc